000
CXUS56 KFGZ 011616
CF6PGA
PRELIMINARY LOCAL CLIMATOLOGICAL DATA (WS FORM: F-6)

                                          STATION:   PAGE AZ AIRPORT
                                          MONTH:     APRIL
                                          YEAR:      2015
                                          LATITUDE:   36 55 N
                                          LONGITUDE: 111 27 W

  TEMPERATURE IN F:       :PCPN:    SNOW:  WIND      :SUNSHINE: SKY     :PK WND
================================================================================
1   2   3   4   5  6A  6B    7    8   9   10  11  12  13   14  15   16   17  18
                                     12Z  AVG MX 2MIN
DY MAX MIN AVG DEP HDD CDD  WTR  SNW DPTH SPD SPD DIR MIN PSBL S-S WX    SPD DR
================================================================================

 1  77  53  65  11   0   0 0.00    M    M  8.1 20 290   M    M   0        29 270
 2  67  48  58   4   7   0 0.00    M    M 12.3 24 280   M    M   0        37 310
 3  59  38  49  -6  16   0 0.00    M    M  4.8 14  20   M    M   0        19  20
 4  70  38  54  -1  11   0 0.00    M    M  2.9  9  40   M    M   0        13  20
 5  77  44  61   6   4   0 0.00    M    M  7.1 21 180   M    M   0        29 200
 6  74  49  62   7   3   0 0.00    M    M  9.7 21 230   M    M   0        33 200
 7  75  45  60   5   5   0 0.00    M    M  7.8 22 210   M    M   0 8      30 190
 8  60  47  54  -2  11   0 0.00    M    M 10.3 22 280   M    M   1        36 260
 9  65  37  51  -5  14   0 0.00    M    M  4.7 14  20   M    M   0        23  10
10  71  42  57   1   8   0 0.00    M    M  3.6  9  20   M    M   0        14  10
11  75  47  61   5   4   0 0.00    M    M  4.6 16 300   M    M   0        23 290
12  76  50  63   6   2   0 0.00    M    M  4.4 12  80   M    M   0        15  80
13  78  48  63   6   2   0 0.00    M    M  3.6 10 160   M    M   0        13 270
14  80  49  65   8   0   0 0.00    M    M 11.7 28 270   M    M   1 8      44 270
15  54  39  47 -10  18   0 0.00    M    M 10.2 25 300   M    M   2        39 290
16  54  36  45 -13  20   0 0.00    M    M  6.0 17 310   M    M   2        26 300
17  61  40  51  -7  14   0 0.00    M    M  4.4 12 360   M    M   6        15  10
18  77  45  61   3   4   0 0.00    M    M  3.5 21  20   M    M   1        28  30
19  75  51  63   4   2   0 0.00    M    M  4.6 15  40   M    M   0        18  40
20  81  49  65   6   0   0 0.00    M    M  5.0 17  10   M    M   0        20  10
21  79  51  65   6   0   0 0.00    M    M  4.3 17  80   M    M   1        26 210
22  77  52  65   5   0   0 0.00    M    M  5.8 17 160   M    M   2        24 150
23  74  52  63   3   2   0 0.00    M    M  5.8 18 160   M    M   2        24 150
24  70  50  60   0   5   0    T    M    M  6.1 17 300   M    M   6        25 290
25  67  49  58  -3   7   0    T    M    M  7.1 21 220   M    M   6        30 210
26  66  44  55  -6  10   0 0.00    M    M  6.9 18 310   M    M   4        29 310
27  51  49  50 -11  15   0 0.00    M    M  5.9  8 270   M    M   0         M  M
28  76  52  64   2   1   0 0.00    M    M  3.7 12  10   M    M   M        17  40
29  84  53  69   7   0   4 0.00    M    M  4.2 14  80   M    M   M        19  80
30  87  58  73  11   0   8 0.00    M    M  4.6 15 310   M    M   M        22 330
================================================================================
SM 2137 1405       185  12    T     M    183.7          M       34
================================================================================
AV 71.2 46.8                               6.1 FASTST   M    M   1    MAX(MPH)
                                 MISC ---->  # 28 270               # 44  270
================================================================================
NOTES:
# LAST OF SEVERAL OCCURRENCES

COLUMN 17 PEAK WIND IN M.P.H.

PRELIMINARY LOCAL CLIMATOLOGICAL DATA (WS FORM: F-6) , PAGE 2

                                          STATION:  PAGE AZ AIRPORT
                                          MONTH:    APRIL
                                          YEAR:     2015
                                          LATITUDE:   36 55 N
                                          LONGITUDE: 111 27 W

[TEMPERATURE DATA]      [PRECIPITATION DATA]       SYMBOLS USED IN COLUMN 16

AVERAGE MONTHLY: 59.0   TOTAL FOR MONTH:      T    1 = FOG OR MIST
DPTR FM NORMAL:   1.2   DPTR FM NORMAL:   -0.50    2 = FOG REDUCING VISIBILITY
HIGHEST:    87 ON 30    GRTST 24HR    T  ON 25-25      TO 1/4 MILE OR LESS
LOWEST:     36 ON 16                               3 = THUNDER
                        SNOW, ICE PELLETS, HAIL    4 = ICE PELLETS
                        TOTAL MONTH:    M          5 = HAIL
                        GRTST 24HR    M  ON   M    6 = FREEZING RAIN OR DRIZZLE
                        GRTST DEPTH:  M  ON   M    7 = DUSTSTORM OR SANDSTORM:
                                                       VSBY 1/2 MILE OR LESS
                                                   8 = SMOKE OR HAZE
[NO. OF DAYS WITH]      [WEATHER - DAYS WITH]      9 = BLOWING SNOW
                                                   X = TORNADO
MAX 32 OR BELOW:   0    0.01 INCH OR MORE:   0
MAX 90 OR ABOVE:   0    0.10 INCH OR MORE:   0
MIN 32 OR BELOW:   0    0.50 INCH OR MORE:   0
MIN  0 OR BELOW:   0    1.00 INCH OR MORE:   0

[HDD (BASE 65) ]
TOTAL THIS MO.   185    CLEAR  (SCALE 0-3)  23
DPTR FM NORMAL   -47    PTCLDY (SCALE 4-7)   4
TOTAL FM JUL 1  3082    CLOUDY (SCALE 8-10)  0
DPTR FM NORMAL  -803

[CDD (BASE 65) ]
TOTAL THIS MO.    12
DPTR FM NORMAL    -1    [PRESSURE DATA]
TOTAL FM JAN 1    23    HIGHEST SLP 30.30 ON  3
DPTR FM NORMAL    10    LOWEST  SLP 29.64 ON 26

[REMARKS]
#FINAL-04-15#
