000
CXUS51 KPBZ 280804
CF6PHD
PRELIMINARY LOCAL CLIMATOLOGICAL DATA (WS FORM: F-6)

                                          STATION:   NEW PHILADELPHIA OH
                                          MONTH:     APRIL
                                          YEAR:      2015
                                          LATITUDE:   40 28 N
                                          LONGITUDE:  81 25 W

  TEMPERATURE IN F:       :PCPN:    SNOW:  WIND      :SUNSHINE: SKY     :PK WND
================================================================================
1   2   3   4   5  6A  6B    7    8   9   10  11  12  13   14  15   16   17  18
                                     12Z  AVG MX 2MIN
DY MAX MIN AVG DEP HDD CDD  WTR  SNW DPTH SPD SPD DIR MIN PSBL S-S WX    SPD DR
================================================================================

 1  62  25  44  -2  21   0 0.00    M    M  3.5 13 250   M    M   1 18     17 250
 2  64  35  50   4  15   0 0.45    M    M  6.8 16 190   M    M   6 13     25 190
 3  65  45  55   8  10   0 0.42    M    M  5.8 22 340   M    M  10 18     28 350
 4  51  35  43  -4  22   0 0.07    M    M  9.8 22 320   M    M   4 1      30 330
 5  65  40  53   5  12   0 0.00    M    M  7.9 18 220   M    M   0        28 190
 6  69  35  52   4  13   0 0.23    M    M  4.8 14 230   M    M   7 1      22 230
 7  65  53  59  11   6   0 0.27    M    M  2.5 10 150   M    M  10 18     13 160
 8  69  59  64  15   1   0 0.64    M    M  4.7 23 130   M    M   8 138    26 130
 9  75  55  65  16   0   0 0.49    M    M  6.6 17 200   M    M   8 123    27 200
10  71  54  63  14   2   0 0.05    M    M 10.8 24 250   M    M   4 3      35 230
11  60  40  50   0  15   0 0.00    M    M  7.6 18 320   M    M   4        28 330
12  70  35  53   3  12   0 0.00    M    M  3.2 12 120   M    M   0 18     15 120
13  83  50  67  17   0   2 0.21    M    M  9.4 22 320   M    M   3 1      31 200
14  65  53  59   8   6   0 0.00    M    M  5.9 14  50   M    M   1        20  30
15  69  42  56   5   9   0 0.00    M    M  5.1 15  40   M    M   0        22  50
16  60  50  55   4  10   0 0.06    M    M  7.0 20 140   M    M   7        26 150
17  74  51  63  11   2   0    T    M    M  3.5 12 320   M    M   5 8      17 310
18  80  44  62  10   3   0 0.00    M    M  4.1 14  40   M    M   0 18     20  30
19  76  55  66  14   0   1 0.11    M    M 11.3 25 130   M    M   5 3      35 130
20  70  49  60   8   5   0 0.44    M    M 10.8 23 250   M    M   8 3      34 190
21  61  42  52  -1  13   0 0.04    M    M 10.4 29 270   M    M   6        39 220
22  51  39  45  -8  20   0 0.16    M    M  8.1 21 280   M    M   9 1      32 280
23  48  32  40 -13  25   0 0.00    M    M  9.2 21 290   M    M   9        30 310
24  59  26  43 -11  22   0 0.00    M    M  4.7 17 300   M    M   0 18     24 310
25  56  41  49  -5  16   0 0.02    M    M  5.5 13 100   M    M   9        16 100
26  62  39  51  -3  14   0 0.00    M    M  7.8 18 330   M    M   1        26 340
27  49  36  43 -11  22   0    T    M    M  8.3 18 350   M    M   7        25 330
================================================================================
SM 1749 1160       296   3  3.66    M    185.1          M      132
================================================================================
AV 64.8 43.0                               6.9 FASTST   M    M   5    MAX(MPH)
                                 MISC ---->  # 29 270               # 39  220
================================================================================
NOTES:
# LAST OF SEVERAL OCCURRENCES

COLUMN 17 PEAK WIND IN M.P.H.

PRELIMINARY LOCAL CLIMATOLOGICAL DATA (WS FORM: F-6) , PAGE 2

                                          STATION:  NEW PHILADELPHIA OH
                                          MONTH:    APRIL
                                          YEAR:     2015
                                          LATITUDE:   40 28 N
                                          LONGITUDE:  81 25 W

[TEMPERATURE DATA]      [PRECIPITATION DATA]       SYMBOLS USED IN COLUMN 16

AVERAGE MONTHLY: 53.9   TOTAL FOR MONTH:   3.66    1 = FOG OR MIST
DPTR FM NORMAL:   3.4   DPTR FM NORMAL:    0.62    2 = FOG REDUCING VISIBILITY
HIGHEST:    83 ON 13    GRTST 24HR  0.92 ON  8- 9      TO 1/4 MILE OR LESS
LOWEST:     25 ON  1                               3 = THUNDER
                        SNOW, ICE PELLETS, HAIL    4 = ICE PELLETS
                        TOTAL MONTH:    M          5 = HAIL
                        GRTST 24HR    M  ON   M    6 = FREEZING RAIN OR DRIZZLE
                        GRTST DEPTH:  M  ON   M    7 = DUSTSTORM OR SANDSTORM:
                                                       VSBY 1/2 MILE OR LESS
                                                   8 = SMOKE OR HAZE
[NO. OF DAYS WITH]      [WEATHER - DAYS WITH]      9 = BLOWING SNOW
                                                   X = TORNADO
MAX 32 OR BELOW:   0    0.01 INCH OR MORE:  15
MAX 90 OR ABOVE:   0    0.10 INCH OR MORE:  10
MIN 32 OR BELOW:   3    0.50 INCH OR MORE:   1
MIN  0 OR BELOW:   0    1.00 INCH OR MORE:   0

[HDD (BASE 65) ]
TOTAL THIS MO.   296    CLEAR  (SCALE 0-3)   9
DPTR FM NORMAL  -103    PTCLDY (SCALE 4-7)  12
TOTAL FM JUL 1  5769    CLOUDY (SCALE 8-10)  6
DPTR FM NORMAL   384

[CDD (BASE 65) ]
TOTAL THIS MO.     3
DPTR FM NORMAL     3    [PRESSURE DATA]
TOTAL FM JAN 1     3    HIGHEST SLP M ON M
DPTR FM NORMAL     2    LOWEST  SLP 29.45 ON 20

[REMARKS]
