000
CXUS53 KARX 260930
CF6RST
PRELIMINARY LOCAL CLIMATOLOGICAL DATA (WS FORM: F-6)

                                          STATION:   ROCHESTER MN
                                          MONTH:     APRIL
                                          YEAR:      2015
                                          LATITUDE:   43 55 N
                                          LONGITUDE:  92 30 W

  TEMPERATURE IN F:       :PCPN:    SNOW:  WIND      :SUNSHINE: SKY     :PK WND
================================================================================
1   2   3   4   5  6A  6B    7    8   9   10  11  12  13   14  15   16   17  18
                                     12Z  AVG MX 2MIN
DY MAX MIN AVG DEP HDD CDD  WTR  SNW DPTH SPD SPD DIR MIN PSBL S-S WX    SPD DR
================================================================================

 1  76  38  57  17   8   0 0.39  0.0    0 19.5 38 190   M    M   0 13     47 180
 2  62  40  51  11  14   0 0.25  0.0    0 15.1 29 300   M    M   3 1      36 280
 3  41  29  35  -6  30   0 0.00  0.0    0 15.8 26 320   M    M   4        32 300
 4  56  28  42   1  23   0 0.01  0.0    0 10.8 21 240   M    M   4        28 270
 5  54  34  44   2  21   0 0.01  0.0    0 13.1 22  70   M    M   4        26  70
 6  57  34  46   4  19   0    T  0.0    0 13.2 24  80   M    M   6 1      30  60
 7  40  36  38  -5  27   0 0.84  0.0    0 16.1 30 100   M    M  10 138    35  90
 8  44  36  40  -3  25   0 0.26  0.0    0 12.0 21 100   M    M  10 123    24 110
 9  41  33  37  -7  28   0 1.34  1.5    0 14.2 31 360   M    M   9 123    37 360
10  51  33  42  -2  23   0 0.01    T    T 14.2 28 320   M    M   4 12     33 310
11  63  35  49   4  16   0 0.00  0.0    0 14.5 23 200   M    M   0        28 200
12  69  47  58  13   7   0 0.01  0.0    0 21.3 35 190   M    M   2        44 190
13  60  42  51   5  14   0 0.02  0.0    0 15.3 31 290   M    M   1 1      37 270
14  68  33  51   5  14   0 0.00  0.0    0  6.9 14 190   M    M   0        19 210
15  66  39  53   6  12   0 0.00  0.0    0 13.5 28 140   M    M   0        32 130
16  71  46  59  12   6   0 0.00  0.0    0  8.7 14 220   M    M   6        18 250
17  77  49  63  15   2   0 0.00  0.0    0  7.8 15 290   M    M   1        22 270
18  74  45  60  12   5   0 0.05  0.0    0 11.3 24 120   M    M   3        32 120
19  62  44  53   5  12   0 1.19  0.0    0 13.8 26 320   M    M   9 1      31 320
20  44  35  40  -9  25   0 0.23    T    0 22.2 31 320   M    M  10 1      38 330
21  41  33  37 -12  28   0    T    T    0 23.3 36 290   M    M  10 8      46 290
22  48  30  39 -11  26   0 0.00  0.0    0 18.3 30 300   M    M   3        37 330
23  54  25  40 -10  25   0 0.00  0.0    0  8.3 18 320   M    M   0 8      26 330
24  50  33  42  -8  23   0 0.32  0.0    0 15.4 28 140   M    M   9 1      35 150
25  54  40  47  -4  18   0 0.00  0.0    0 13.3 22  60   M    M   7        27  60
================================================================================
SM 1423  917       451   0  4.93     1.5 357.9          M      115
================================================================================
AV 56.9 36.7                              14.3 FASTST   M    M   5    MAX(MPH)
                                 MISC ---->  # 38 190               # 47  180
================================================================================
NOTES:
# LAST OF SEVERAL OCCURRENCES

COLUMN 17 PEAK WIND IN M.P.H.

PRELIMINARY LOCAL CLIMATOLOGICAL DATA (WS FORM: F-6) , PAGE 2

                                          STATION:  ROCHESTER MN
                                          MONTH:    APRIL
                                          YEAR:     2015
                                          LATITUDE:   43 55 N
                                          LONGITUDE:  92 30 W

[TEMPERATURE DATA]      [PRECIPITATION DATA]       SYMBOLS USED IN COLUMN 16

AVERAGE MONTHLY: 46.8   TOTAL FOR MONTH:   4.93    1 = FOG OR MIST
DPTR FM NORMAL:   1.2   DPTR FM NORMAL:    2.30    2 = FOG REDUCING VISIBILITY
HIGHEST:    77 ON 17    GRTST 24HR  1.58 ON  8- 9      TO 1/4 MILE OR LESS
LOWEST:     25 ON 23                               3 = THUNDER
                        SNOW, ICE PELLETS, HAIL    4 = ICE PELLETS
                        TOTAL MONTH:   1.5 INCHES  5 = HAIL
                        GRTST 24HR   1.5 ON  9- 9  6 = FREEZING RAIN OR DRIZZLE
                        GRTST DEPTH:   T           7 = DUSTSTORM OR SANDSTORM:
                                                       VSBY 1/2 MILE OR LESS
                                                   8 = SMOKE OR HAZE
[NO. OF DAYS WITH]      [WEATHER - DAYS WITH]      9 = BLOWING SNOW
                                                   X = TORNADO
MAX 32 OR BELOW:   0    0.01 INCH OR MORE:  14
MAX 90 OR ABOVE:   0    0.10 INCH OR MORE:   8
MIN 32 OR BELOW:   4    0.50 INCH OR MORE:   3
MIN  0 OR BELOW:   0    1.00 INCH OR MORE:   2

[HDD (BASE 65) ]
TOTAL THIS MO.   451    CLEAR  (SCALE 0-3)  10
DPTR FM NORMAL   -37    PTCLDY (SCALE 4-7)   8
TOTAL FM JUL 1  7749    CLOUDY (SCALE 8-10)  7
DPTR FM NORMAL   389

[CDD (BASE 65) ]
TOTAL THIS MO.     0
DPTR FM NORMAL     0    [PRESSURE DATA]
TOTAL FM JAN 1     0    HIGHEST SLP M ON M
DPTR FM NORMAL     0    LOWEST  SLP 29.34 ON 20

[REMARKS]
