000
CXUS55 KTBW 171000
CF6TPA
PRELIMINARY LOCAL CLIMATOLOGICAL DATA (WS FORM: F-6)

                                          STATION:   Tampa
                                          MONTH:     APRIL
                                          YEAR:      2015
                                          LATITUDE:   27 58 N
                                          LONGITUDE:  82 32 W

  TEMPERATURE IN F:       :PCPN:    SNOW:  WIND      :SUNSHINE: SKY     :PK WND
================================================================================
1   2   3   4   5  6A  6B    7    8   9   10  11  12  13   14  15   16   17  18
                                     12Z  AVG MX 2MIN
DY MAX MIN AVG DEP HDD CDD  WTR  SNW DPTH SPD SPD DIR MIN PSBL S-S WX    SPD DR
================================================================================

 1  80  67  74   5   0   9 0.00  0.0    0  7.5 14 270   M    M   3        22 280
 2  82  65  74   4   0   9 0.00  0.0    0  5.9 15 260   M    M   4        21 270
 3  83  67  75   5   0  10 0.00  0.0    0  5.8 16 270   M    M   1        23 270
 4  82  67  75   5   0  10 0.00  0.0    0  5.1 15 270   M    M   2        22 280
 5  88  69  79   9   0  14 1.90  0.0    0  5.7 16 330   M    M   6 1      21 330
 6  85  69  77   7   0  12    T  0.0    0  6.7 12 280   M    M   7        23 280
 7  84  71  78   8   0  13 0.16  0.0    0  5.8 14 350   M    M   5 3      20 290
 8  87  72  80  10   0  15 0.00  0.0    0  5.5 12 310   M    M   5        17 270
 9  87  71  79   8   0  14 0.00  0.0    0  6.3 13 280   M    M   4 8      24 280
10  85  73  79   8   0  14 0.00  0.0    0  7.1 14 270   M    M   4        22 260
11  86  73  80   9   0  15 0.00  0.0    0  4.1 16 260   M    M   6        20 260
12  87  70  79   8   0  14 0.00  0.0    0  5.8 15 270   M    M   7        21 280
13  85  73  79   8   0  14 0.00  0.0    0  7.5 20 190   M    M   7        25 190
14  86  73  80   8   0  15 0.00  0.0    0  6.1 14 230   M    M   4 3      17 200
15  86  74  80   8   0  15 0.00  0.0    0  6.4 15 250   M    M   7        19 260
16  85  72  79   7   0  14 0.46  0.0    0  4.9 14 280   M    M   8 13     18  40
================================================================================
SM 1358 1126         0 207  2.52     0.0  96.2          M       80
================================================================================
AV 84.9 70.4                               6.0 FASTST   M    M   5    MAX(MPH)
                                 MISC ---->  # 20 190               # 25  190
================================================================================
NOTES:
# LAST OF SEVERAL OCCURRENCES

COLUMN 17 PEAK WIND IN M.P.H.

PRELIMINARY LOCAL CLIMATOLOGICAL DATA (WS FORM: F-6) , PAGE 2

                                          STATION:  Tampa
                                          MONTH:    APRIL
                                          YEAR:     2015
                                          LATITUDE:   27 58 N
                                          LONGITUDE:  82 32 W

[TEMPERATURE DATA]      [PRECIPITATION DATA]       SYMBOLS USED IN COLUMN 16

AVERAGE MONTHLY: 77.6   TOTAL FOR MONTH:   2.52    1 = FOG OR MIST
DPTR FM NORMAL:   7.0   DPTR FM NORMAL:    1.35    2 = FOG REDUCING VISIBILITY
HIGHEST:    88 ON  5    GRTST 24HR  1.90 ON  5- 5      TO 1/4 MILE OR LESS
LOWEST:     65 ON  2                               3 = THUNDER
                        SNOW, ICE PELLETS, HAIL    4 = ICE PELLETS
                        TOTAL MONTH:   0.0 INCH    5 = HAIL
                        GRTST 24HR     0.0         6 = FREEZING RAIN OR DRIZZLE
                        GRTST DEPTH:   0           7 = DUSTSTORM OR SANDSTORM:
                                                       VSBY 1/2 MILE OR LESS
                                                   8 = SMOKE OR HAZE
[NO. OF DAYS WITH]      [WEATHER - DAYS WITH]      9 = BLOWING SNOW
                                                   X = TORNADO
MAX 32 OR BELOW:   0    0.01 INCH OR MORE:   3
MAX 90 OR ABOVE:   0    0.10 INCH OR MORE:   3
MIN 32 OR BELOW:   0    0.50 INCH OR MORE:   1
MIN  0 OR BELOW:   0    1.00 INCH OR MORE:   1

[HDD (BASE 65) ]
TOTAL THIS MO.     0    CLEAR  (SCALE 0-3)   3
DPTR FM NORMAL    -9    PTCLDY (SCALE 4-7)  13
TOTAL FM JUL 1   467    CLOUDY (SCALE 8-10)  0
DPTR FM NORMAL   -69

[CDD (BASE 65) ]
TOTAL THIS MO.   207
DPTR FM NORMAL   108    [PRESSURE DATA]
TOTAL FM JAN 1   540    HIGHEST SLP M ON M
DPTR FM NORMAL   202    LOWEST  SLP 30.00 ON M

[REMARKS]
