000
CXUS54 KTSA 250840
CF6TUL
PRELIMINARY LOCAL CLIMATOLOGICAL DATA (WS FORM: F-6)

                                          STATION:   TULSA OKLAHOMA
                                          MONTH:     APRIL
                                          YEAR:      2015
                                          LATITUDE:   36 12 N
                                          LONGITUDE:  95 54 W

  TEMPERATURE IN F:       :PCPN:    SNOW:  WIND      :SUNSHINE: SKY     :PK WND
================================================================================
1   2   3   4   5  6A  6B    7    8   9   10  11  12  13   14  15   16   17  18
                                     12Z  AVG MX 2MIN
DY MAX MIN AVG DEP HDD CDD  WTR  SNW DPTH SPD SPD DIR MIN PSBL S-S WX    SPD DR
================================================================================

 1  83  60  72  16   0   7    T  0.0    0 12.3 25 170   M    M   7        33 170
 2  86  67  77  21   0  12 0.03  0.0    0 13.4 23 200   M    M   7 3      29 180
 3  75  42  59   2   6   0 0.00  0.0    0 17.6 30  10   M    M   6        42  20
 4  65  36  51  -6  14   0 0.00  0.0    0  6.1 14 160   M    M   5        22 210
 5  54  46  50  -7  15   0 0.35  0.0    0 12.5 24 180   M    M  10 1      28 180
 6  79  53  66   8   0   1 0.02  0.0    0 14.2 24 170   M    M   9 1      29 190
 7  87  68  78  20   0  13 0.00  0.0    0 16.7 25 170   M    M   6        31 170
 8  82  66  74  16   0   9 0.09  0.0    0 16.1 26 180   M    M   8 3      36 190
 9  80  46  63   4   2   0 0.02  0.0    0 18.5 30 170   M    M   7 3      38 170
10  71  39  55  -4  10   0 0.00  0.0    0  4.0 10  50   M    M   3 8      13  40
11  65  51  58  -1   7   0 0.06  0.0    0  6.9 18 170   M    M  10 1      22 180
12  79  57  68   8   0   3 0.00  0.0    0 13.2 23 140   M    M   9        30 180
13  69  53  61   1   4   0 0.95  0.0    0  9.9 25 340   M    M  10 13     31  40
14  64  55  60   0   5   0    T  0.0    0  9.0 17  40   M    M  10        22  40
15  69  54  62   2   3   0 0.12  0.0    0  4.4 13 130   M    M   8 1      15 130
16  79  51  65   4   0   0 0.00  0.0    0  6.5 15 120   M    M   7 12     22  90
17  79  60  70   9   0   5 0.00  0.0    0  5.4 15  40   M    M   9        20 150
18  76  59  68   7   0   3 1.24  0.0    0  7.7 25 240   M    M   9 13     32 240
19  70  51  61  -1   4   0 0.13  0.0    0  8.9 26 290   M    M   9 13     34 280
20  66  44  55  -7  10   0 0.00  0.0    0 10.9 23 320   M    M   2        29 340
21  75  50  63   1   2   0 0.01  0.0    0 10.2 22 190   M    M   6        28 190
22  65  49  57  -6   8   0 0.24  0.0    0  8.7 21  10   M    M   8 138    25  10
23  65  52  59  -4   6   0    T  0.0    0  9.4 17 130   M    M   9        22 140
24  72  56  64   1   1   0 0.01  0.0    0 15.7 28 170   M    M   9        37 180
================================================================================
SM 1755 1265        97  53  3.27     0.0 258.2          M      183
================================================================================
AV 73.1 52.7                              10.8 FASTST   M    M   8    MAX(MPH)
                                 MISC ---->  # 30  10               # 42   20
================================================================================
NOTES:
# LAST OF SEVERAL OCCURRENCES

COLUMN 17 PEAK WIND IN M.P.H.

PRELIMINARY LOCAL CLIMATOLOGICAL DATA (WS FORM: F-6) , PAGE 2

                                          STATION:  TULSA OKLAHOMA
                                          MONTH:    APRIL
                                          YEAR:     2015
                                          LATITUDE:   36 12 N
                                          LONGITUDE:  95 54 W

[TEMPERATURE DATA]      [PRECIPITATION DATA]       SYMBOLS USED IN COLUMN 16

AVERAGE MONTHLY: 62.9   TOTAL FOR MONTH:   3.27    1 = FOG OR MIST
DPTR FM NORMAL:   3.2   DPTR FM NORMAL:    0.42    2 = FOG REDUCING VISIBILITY
HIGHEST:    87 ON  7    GRTST 24HR  1.34 ON 18-19      TO 1/4 MILE OR LESS
LOWEST:     36 ON  4                               3 = THUNDER
                        SNOW, ICE PELLETS, HAIL    4 = ICE PELLETS
                        TOTAL MONTH:   0.0 INCH    5 = HAIL
                        GRTST 24HR     0.0         6 = FREEZING RAIN OR DRIZZLE
                        GRTST DEPTH:   0           7 = DUSTSTORM OR SANDSTORM:
                                                       VSBY 1/2 MILE OR LESS
                                                   8 = SMOKE OR HAZE
[NO. OF DAYS WITH]      [WEATHER - DAYS WITH]      9 = BLOWING SNOW
                                                   X = TORNADO
MAX 32 OR BELOW:   0    0.01 INCH OR MORE:  13
MAX 90 OR ABOVE:   0    0.10 INCH OR MORE:   6
MIN 32 OR BELOW:   0    0.50 INCH OR MORE:   2
MIN  0 OR BELOW:   0    1.00 INCH OR MORE:   1

[HDD (BASE 65) ]
TOTAL THIS MO.    97    CLEAR  (SCALE 0-3)   2
DPTR FM NORMAL   -69    PTCLDY (SCALE 4-7)  11
TOTAL FM JUL 1  3493    CLOUDY (SCALE 8-10) 11
DPTR FM NORMAL   -22

[CDD (BASE 65) ]
TOTAL THIS MO.    53
DPTR FM NORMAL    16    [PRESSURE DATA]
TOTAL FM JAN 1    66    HIGHEST SLP M ON M
DPTR FM NORMAL    17    LOWEST  SLP 29.52 ON 24

[REMARKS]
