000
CXUS55 KVEF 011638
CF6VGT
PRELIMINARY LOCAL CLIMATOLOGICAL DATA (WS FORM: F-6)

                                          STATION:   NORTH_LAS_VEGAS NV
                                          MONTH:     MARCH
                                          YEAR:      2015
                                          LATITUDE:   36 12 N
                                          LONGITUDE: 115 12 W

  TEMPERATURE IN F:       :PCPN:    SNOW:  WIND      :SUNSHINE: SKY     :PK WND
================================================================================
1   2   3   4   5  6A  6B    7    8   9   10  11  12  13   14  15   16   17  18
                                     12Z  AVG MX 2MIN
DY MAX MIN AVG DEP HDD CDD  WTR  SNW DPTH SPD SPD DIR MIN PSBL S-S WX    SPD DR
================================================================================

 1  56  46  51  -4  14   0 0.25  0.0    0  4.5 18 130   M    M   7        22 140
 2  58  43  51  -4  14   0 0.10  0.0    0  8.6 25 330   M    M   8 1      30 330
 3  56  40  48  -8  17   0 0.03  0.0    0  6.8 26 270   M    M   3        35 270
 4  60  41  51  -5  14   0 0.00  0.0    0  9.6 23 350   M    M   0        29 340
 5  64  39  52  -4  13   0 0.00  0.0    0  3.7  9 320   M    M   0        13  50
 6  73  42  58   2   7   0 0.00  0.0    0  4.6 13  90   M    M   0        14 100
 7  75  45  60   3   5   0 0.00  0.0    0  4.5 10 110   M    M   0        12  10
 8  76  49  63   6   2   0 0.00  0.0    0  4.6 12  80   M    M   0        13  80
 9  77  54  66   9   0   1 0.00  0.0    0  6.7 17 320   M    M   0        22 320
10  76  50  63   6   2   0 0.00  0.0    0  3.3 10 280   M    M   0        11 280
11  70  55  63   5   2   0    T  0.0    0  5.7 22 270   M    M   3        32 270
12  78  51  65   7   0   0 0.00  0.0    0 11.5 23 320   M    M   3        27 330
13  80  59  70  12   0   5 0.00  0.0    0  9.4 23  90   M    M   0        32  90
14  81  54  68  10   0   3 0.00  0.0    0  3.4  9 130   M    M   0        13 110
15  82  55  69  11   0   4 0.00  0.0    0  5.1 14 150   M    M   0        18 160
16  83  56  70  11   0   5 0.00  0.0    0  5.2 15 140   M    M   0        19 140
17  81  56  69  10   0   4 0.00  0.0    0  5.1 12 210   M    M   0        15 160
18  78  60  69  10   0   4 0.00  0.0    0  4.0 15 230   M    M   1        17 230
19  79  58  69   9   0   4 0.00  0.0    0  7.0 24  70   M    M   1        30  90
20  80  51  66   6   0   1 0.00  0.0    0  3.4 10 170   M    M   0        13 170
21  85  53  69   9   0   4 0.00  0.0    0  6.6 21 250   M    M   0        36 160
22  80  59  70  10   0   5 0.00  0.0    0  8.0 26 220   M    M   0        35 220
23  78  56  67   7   0   2 0.00  0.0    0  7.9 29 220   M    M   0        32 210
24  80  58  69   8   0   4 0.00  0.0    0  9.4 20 330   M    M   0        26 320
25  79  62  71  10   0   6 0.00  0.0    0 11.3 25 350   M    M   0        32 350
26  80  55  68   7   0   3 0.00  0.0    0  4.8 17 340   M    M   0        22 340
27  87  56  72  11   0   7 0.00  0.0    0  3.2 10 170   M    M   0        14 190
28  91  57  74  12   0   9 0.00  0.0    0  6.1 16 160   M    M   0        20 160
29  88  61  75  13   0  10 0.00  0.0    0  5.7 14 340   M    M   0        16 100
30  89  60  75  13   0  10 0.00  0.0    0  4.9 17 160   M    M   0        23 150
31  90  59  75  13   0  10 0.00  0.0    0 10.4 28 220   M    M   0        32 230
================================================================================
SM 2390 1640        90 101  0.38     0.0 195.0          M       26
================================================================================
AV 77.1 52.9                               6.3 FASTST   M    M   1    MAX(MPH)
                                 MISC ---->  # 29 220               # 36  160
================================================================================
NOTES:
# LAST OF SEVERAL OCCURRENCES

COLUMN 17 PEAK WIND IN M.P.H.

PRELIMINARY LOCAL CLIMATOLOGICAL DATA (WS FORM: F-6) , PAGE 2

                                          STATION:  NORTH_LAS_VEGAS NV
                                          MONTH:    MARCH
                                          YEAR:     2015
                                          LATITUDE:   36 12 N
                                          LONGITUDE: 115 12 W

[TEMPERATURE DATA]      [PRECIPITATION DATA]       SYMBOLS USED IN COLUMN 16

AVERAGE MONTHLY: 65.0   TOTAL FOR MONTH:   0.38    1 = FOG OR MIST
DPTR FM NORMAL:   6.2   DPTR FM NORMAL:   -0.19    2 = FOG REDUCING VISIBILITY
HIGHEST:    91 ON 28    GRTST 24HR  0.25 ON  1- 1      TO 1/4 MILE OR LESS
LOWEST:     39 ON  5                               3 = THUNDER
                        SNOW, ICE PELLETS, HAIL    4 = ICE PELLETS
                        TOTAL MONTH:   0.0 INCH    5 = HAIL
                        GRTST 24HR     0.0         6 = FREEZING RAIN OR DRIZZLE
                        GRTST DEPTH:   0           7 = DUSTSTORM OR SANDSTORM:
                                                       VSBY 1/2 MILE OR LESS
                                                   8 = SMOKE OR HAZE
[NO. OF DAYS WITH]      [WEATHER - DAYS WITH]      9 = BLOWING SNOW
                                                   X = TORNADO
MAX 32 OR BELOW:   0    0.01 INCH OR MORE:   3
MAX 90 OR ABOVE:   2    0.10 INCH OR MORE:   2
MIN 32 OR BELOW:   0    0.50 INCH OR MORE:   0
MIN  0 OR BELOW:   0    1.00 INCH OR MORE:   0

[HDD (BASE 65) ]
TOTAL THIS MO.    90    CLEAR  (SCALE 0-3)  29
DPTR FM NORMAL  -125    PTCLDY (SCALE 4-7)   2
TOTAL FM JUL 1  1381    CLOUDY (SCALE 8-10)  0
DPTR FM NORMAL  -595

[CDD (BASE 65) ]
TOTAL THIS MO.   101
DPTR FM NORMAL    79    [PRESSURE DATA]
TOTAL FM JAN 1   105    HIGHEST SLP 30.47 ON  5
DPTR FM NORMAL    83    LOWEST  SLP 29.73 ON 31

[REMARKS]
#FINAL-03-15#
