000
CXUS51 KRNK 011924
CLADAN

CLIMATE REPORT
NATIONAL WEATHER SERVICE BLACKSBURG VA
621 AM EST THU JAN 1 2015

...................................

...THE DANVILLE VA CLIMATE SUMMARY FOR THE YEAR OF 2014...

CLIMATE NORMAL PERIOD 1981 TO 2010
CLIMATE RECORD PERIOD 1948 TO 2014

WEATHER         OBSERVED          NORMAL  DEPART
                 VALUE   DATE(S)  VALUE   FROM
                                          NORMAL
................................................
TEMPERATURE (F)
RECORD
 HIGH             105   07/10/1990
                        08/23/1983
                        07/14/1954
 LOW               -5   01/21/1985
HIGHEST            97   07/02
LOWEST              0   01/30
AVG. MAXIMUM     68.8              68.5     0.3
AVG. MINIMUM     46.7              48.5    -1.8
MEAN             57.7              58.5    -0.8
DAYS MAX >= 90     29              29.2    -0.2
DAYS MAX <= 32      6               4.8     1.2
DAYS MIN <= 32     96              74.9    21.1
DAYS MIN <= 0       1               0.0     1.0

PRECIPITATION (INCHES)
RECORD
 MAXIMUM        60.03   1996
 MINIMUM        28.66   2001
TOTALS          43.15             44.41   -1.26
DAILY AVG.       0.12              0.12    0.00
DAYS >= .01       115             114.7     0.3
DAYS >= .10        69              74.3    -5.3
DAYS >= .50        28              31.3    -3.3
DAYS >= 1.00       14              11.9     2.1
GREATEST
 24 HR. TOTAL    2.67

SNOWFALL (INCHES)
TOTALS           13.4
SINCE 7/1           T
SNOWDEPTH AVG.      0
DAYS >= TRACE      14
DAYS >= 1.0         3
GREATEST
 SNOW DEPTH         6
 24 HR TOTAL      5.5

DEGREE_DAYS
HEATING TOTAL    3919              3815     104
 SINCE 7/1       1421              1482     -61
COOLING TOTAL    1419              1440     -21
 SINCE 1/1       1419              1439     -20
.................................................

WIND (MPH)
AVERAGE WIND SPEED              5.4
HIGHEST WIND SPEED/DIRECTION    35/260    DATE  05/27
HIGHEST GUST SPEED/DIRECTION    43/260    DATE  05/27

SKY COVER
POSSIBLE SUNSHINE (PERCENT)   MM
AVERAGE SKY COVER           0.30
NUMBER OF DAYS FAIR          209
NUMBER OF DAYS PC             94
NUMBER OF DAYS CLOUDY         60

AVERAGE RH (PERCENT)     66

WEATHER CONDITIONS. NUMBER OF DAYS WITH
THUNDERSTORM             39     MIXED PRECIP               0
HEAVY RAIN               33     RAIN                      45
LIGHT RAIN              128     FREEZING RAIN              1
LT FREEZING RAIN          6     HAIL                       0
HEAVY SNOW                1     SNOW                       1
LIGHT SNOW               14     SLEET                      3
FOG                     146     FOG W/VIS <= 1/4 MILE     28
HAZE                     11

-  INDICATES NEGATIVE NUMBERS.
R  INDICATES RECORD WAS SET OR TIED.
MM INDICATES DATA IS MISSING.
T  INDICATES TRACE AMOUNT.

$$
