000
CDUS41 KBTV 070541
CLI1V4


CLIMATE REPORT
NATIONAL WEATHER SERVICE BURLINGTON VT
140 AM EDT THU MAY 7 2015


...................................

...THE ST. JOHNSBURY VT CLIMATE SUMMARY FOR MAY 6 2015...

CLIMATE NORMAL PERIOD 1981 TO 2010
CLIMATE RECORD PERIOD 1894 TO 2015


WEATHER ITEM   OBSERVED TIME   RECORD YEAR NORMAL DEPARTURE LAST
                VALUE   (LST)  VALUE       VALUE  FROM      YEAR
                                                  NORMAL
..................................................................
TEMPERATURE (F)
 YESTERDAY
  MAXIMUM         75    335 PM  88    1944  66      9       57
  MINIMUM         37    532 AM  24    1910  40     -3       36
  AVERAGE         56                        53      3       47

PRECIPITATION (IN)
  YESTERDAY        0.00          1.22 1989   0.11  -0.11     0.00
  MONTH TO DATE    0.01                      0.62  -0.61     0.88
  SINCE MAR 1      3.80                      5.99  -2.19     6.83
  SINCE JAN 1      8.36                     10.67  -2.31    11.96

DEGREE DAYS
 HEATING
  YESTERDAY        9                        12     -3       18
  MONTH TO DATE   48                        79    -31       97
  SINCE MAR 1   2025                      1774    251     2194
  SINCE JUL 1   8090                      7498    592     8226

 COOLING
  YESTERDAY        0                         0      0        0
  MONTH TO DATE    0                         0      0        0
  SINCE MAR 1      0                         1     -1        0
  SINCE JAN 1      0                         1     -1        0
..................................................................


WIND (MPH)
  HIGHEST WIND SPEED    MM   HIGHEST WIND DIRECTION    MM
  HIGHEST GUST SPEED    MM   HIGHEST GUST DIRECTION    MM
  AVERAGE WIND SPEED    MM


SKY COVER
  AVERAGE SKY COVER 0.0


WEATHER CONDITIONS
 THE FOLLOWING WEATHER WAS RECORDED YESTERDAY.
  NO SIGNIFICANT WEATHER WAS OBSERVED.


RELATIVE HUMIDITY (PERCENT)
 HIGHEST    85           400 AM
 LOWEST     19           400 PM
 AVERAGE    52

..........................................................


THE ST. JOHNSBURY VT CLIMATE NORMALS FOR TODAY
                         NORMAL    RECORD    YEAR
 MAXIMUM TEMPERATURE (F)   66        85      2000
 MINIMUM TEMPERATURE (F)   41        22      1967


SUNRISE AND SUNSET
MAY  7 2015...........SUNRISE   531 AM EDT   SUNSET   759 PM EDT
MAY  8 2015...........SUNRISE   530 AM EDT   SUNSET   800 PM EDT


-  INDICATES NEGATIVE NUMBERS.
R  INDICATES RECORD WAS SET OR TIED.
MM INDICATES DATA IS MISSING.
T  INDICATES TRACE AMOUNT.




$$
