000
CDUS43 KUNR 010836
CLI2WX


CLIMATE REPORT
NATIONAL WEATHER SERVICE RAPID CITY SD
233 AM MDT WED APR 1 2015


...................................

...THE BUFFALO SD CLIMATE SUMMARY FOR MARCH 31 2015...

CLIMATE NORMAL PERIOD 1981 TO 2010
CLIMATE RECORD PERIOD 9999 TO 9999


WEATHER ITEM   OBSERVED TIME   NORMAL DEPARTURE LAST
                VALUE   (LST)  VALUE  FROM      YEAR
                                      NORMAL
......................................................
TEMPERATURE (F)
 YESTERDAY
  MAXIMUM         81    145 PM  49     32       27
  MINIMUM         36    531 AM  27      9        6
  AVERAGE         59            38     21       17

PRECIPITATION (IN)
  YESTERDAY        0.00          0.02  -0.02     0.08
  MONTH TO DATE    0.41          0.77  -0.36     0.88
  SINCE MAR 1      0.41          0.77  -0.36     0.88
  SINCE JAN 1      0.88          1.34  -0.46     1.46

DEGREE DAYS
 HEATING
  YESTERDAY        6            27    -21       48
  MONTH TO DATE  717          1007   -290     1109
  SINCE MAR 1    717          1006   -289     1109
  SINCE JUL 1   6175          6803   -628     7166

 COOLING
  YESTERDAY        0             0      0        0
  MONTH TO DATE    0             0      0        0
  SINCE MAR 1      0             0      0        0
  SINCE JAN 1      0             0      0        0
......................................................


WIND (MPH)
  HIGHEST WIND SPEED    23   HIGHEST WIND DIRECTION     W (260)
  HIGHEST GUST SPEED    29   HIGHEST GUST DIRECTION     W (270)
  AVERAGE WIND SPEED     8.0




RELATIVE HUMIDITY (PERCENT)
 HIGHEST    70           600 AM
 LOWEST     11           200 PM
 AVERAGE    41

..........................................................




SUNRISE AND SUNSET
APRIL  1 2015.........SUNRISE   635 AM MDT   SUNSET   722 PM MDT
APRIL  2 2015.........SUNRISE   633 AM MDT   SUNSET   723 PM MDT


-  INDICATES NEGATIVE NUMBERS.
R  INDICATES RECORD WAS SET OR TIED.
MM INDICATES DATA IS MISSING.
T  INDICATES TRACE AMOUNT.




$$
