000
CDUS43 KUNR 260832
CLI2WX


CLIMATE REPORT
NATIONAL WEATHER SERVICE RAPID CITY SD
231 AM MDT SUN APR 26 2015


...................................

...THE BUFFALO SD CLIMATE SUMMARY FOR APRIL 25 2015...

CLIMATE NORMAL PERIOD 1981 TO 2010
CLIMATE RECORD PERIOD 9999 TO 9999


WEATHER ITEM   OBSERVED TIME   NORMAL DEPARTURE LAST
                VALUE   (LST)  VALUE  FROM      YEAR
                                      NORMAL
......................................................
TEMPERATURE (F)
 YESTERDAY
  MAXIMUM         50    306 PM  59     -9       68
  MINIMUM         37    457 AM  34      3       39
  AVERAGE         44            47     -3       54

PRECIPITATION (IN)
  YESTERDAY        0.21          0.06   0.15     0.00
  MONTH TO DATE    0.66          1.15  -0.49     0.27
  SINCE MAR 1      1.07          1.92  -0.85     1.15
  SINCE JAN 1      1.54          2.49  -0.95     1.73

DEGREE DAYS
 HEATING
  YESTERDAY       21            18      3       11
  MONTH TO DATE  508           564    -56      580
  SINCE MAR 1   1225          1570   -345     1689
  SINCE JUL 1   6683          7367   -684     7746

 COOLING
  YESTERDAY        0             0      0        0
  MONTH TO DATE    0             0      0        0
  SINCE MAR 1      0             0      0        0
  SINCE JAN 1      0             0      0        0
......................................................


WIND (MPH)
  HIGHEST WIND SPEED    21   HIGHEST WIND DIRECTION     N (340)
  HIGHEST GUST SPEED    24   HIGHEST GUST DIRECTION     N (340)
  AVERAGE WIND SPEED    10.5




RELATIVE HUMIDITY (PERCENT)
 HIGHEST   100           700 AM
 LOWEST     65          1200 AM
 AVERAGE    83

..........................................................




SUNRISE AND SUNSET
APRIL 26 2015.........SUNRISE   550 AM MDT   SUNSET   755 PM MDT
APRIL 27 2015.........SUNRISE   549 AM MDT   SUNSET   756 PM MDT


-  INDICATES NEGATIVE NUMBERS.
R  INDICATES RECORD WAS SET OR TIED.
MM INDICATES DATA IS MISSING.
T  INDICATES TRACE AMOUNT.




$$
