000
CDUS46 KMFR 050836
CLIAAT


CLIMATE REPORT
NATIONAL WEATHER SERVICE MEDFORD, OR
136 AM PDT TUE MAY 5 2015


...................................

...THE ALTURAS CA CLIMATE SUMMARY FOR MAY 4 2015...

CLIMATE NORMAL PERIOD 1981 TO 2010
CLIMATE RECORD PERIOD 1905 TO 2015


WEATHER ITEM   OBSERVED TIME   RECORD YEAR NORMAL DEPARTURE LAST
                VALUE   (LST)  VALUE       VALUE  FROM      YEAR
                                                  NORMAL
..................................................................
TEMPERATURE (F)
 YESTERDAY
  MAXIMUM         77    256 PM  90    1966  64     13       64
  MINIMUM         33    508 AM  17    1985  33      0       45
  AVERAGE         55                        48      7       55

PRECIPITATION (IN)
  YESTERDAY        0.00          0.64 1993   0.05  -0.05     0.03
  MONTH TO DATE    0.00                      0.20  -0.20     0.03
  SINCE OCT 1      6.72                     10.89  -4.17     5.04
  SINCE JAN 1      2.21                      6.38  -4.17     4.41

SNOWFALL (IN)
  YESTERDAY       MM                        MM     MM       MM
  MONTH TO DATE   MM                        MM     MM       MM
  SINCE JUL 1     MM                        MM     MM        0.0
  SNOW DEPTH      MM

DEGREE DAYS
 HEATING
  YESTERDAY       10                        17     -7       10
  MONTH TO DATE   39                        68    -29       38
  SINCE MAR 1   1265                      1545   -280     1322
  SINCE JUL 1   4892                      6412  -1520     6087

 COOLING
  YESTERDAY        0                         0      0        0
  MONTH TO DATE    0                         0      0        0
  SINCE MAR 1      0                         0      0        0
  SINCE JAN 1      0                         0      0        0
..................................................................


WIND (MPH)
  HIGHEST WIND SPEED    22   HIGHEST WIND DIRECTION     W (270)
  HIGHEST GUST SPEED    27   HIGHEST GUST DIRECTION     W (260)
  AVERAGE WIND SPEED     6.0


SKY COVER
  POSSIBLE SUNSHINE  MM
  AVERAGE SKY COVER 0.1


WEATHER CONDITIONS
 THE FOLLOWING WEATHER WAS RECORDED YESTERDAY.
  NO SIGNIFICANT WEATHER WAS OBSERVED.


RELATIVE HUMIDITY (PERCENT)
 HIGHEST    82           300 AM
 LOWEST     16           300 PM
 AVERAGE    49

..........................................................


THE ALTURAS CA CLIMATE NORMALS FOR TODAY
                         NORMAL    RECORD    YEAR
 MAXIMUM TEMPERATURE (F)   64        85      1947
 MINIMUM TEMPERATURE (F)   33        18      1985


SUNRISE AND SUNSET
MAY  5 2015...........SUNRISE   554 AM PDT   SUNSET   804 PM PDT
MAY  6 2015...........SUNRISE   553 AM PDT   SUNSET   805 PM PDT


-  INDICATES NEGATIVE NUMBERS.
R  INDICATES RECORD WAS SET OR TIED.
MM INDICATES DATA IS MISSING.
T  INDICATES TRACE AMOUNT.




$$
