000
CDUS45 KABQ 010834
CLIABQ


CLIMATE REPORT
NATIONAL WEATHER SERVICE ALBUQUERQUE NM
234 AM MDT WED APR 1 2015


...................................

...THE ALBUQUERQUE  NM CLIMATE SUMMARY FOR MARCH 31 2015...

CLIMATE NORMAL PERIOD 1981 TO 2010
CLIMATE RECORD PERIOD 1891 TO 2015


WEATHER ITEM   OBSERVED TIME   RECORD YEAR NORMAL DEPARTURE LAST
                VALUE   (LST)  VALUE       VALUE  FROM      YEAR
                                                  NORMAL
..................................................................
TEMPERATURE (F)
 YESTERDAY
  MAXIMUM         78    239 PM  81    1946  64     14       65
  MINIMUM         49    623 AM  20    1938  39     10       42
  AVERAGE         64                        51     13       54

PRECIPITATION (IN)
  YESTERDAY        0.00          0.69 1988   0.02  -0.02
  MONTH TO DATE    0.11                      0.57  -0.46
  SINCE MAR 1      0.11                      0.57  -0.46
  SINCE JAN 1      1.42                      1.43  -0.01

SNOWFALL (IN)
  YESTERDAY        0.0
  MONTH TO DATE    0.0
  SINCE MAR 1      0.0
  SINCE JUL 1     15.2
  SNOW DEPTH       0

DEGREE DAYS
 HEATING
  YESTERDAY        1                        14    -13       11
  MONTH TO DATE  364                       525   -161      470
  SINCE MAR 1    364                       524   -160      470
  SINCE JUL 1   3285                      3827   -542     3613

 COOLING
  YESTERDAY        0                         0      0        0
  MONTH TO DATE    0                         0      0        0
  SINCE MAR 1      0                         0      0        0
  SINCE JAN 1      0                         0      0        0
..................................................................


WIND (MPH)
  HIGHEST WIND SPEED    20   HIGHEST WIND DIRECTION    NW (310)
  HIGHEST GUST SPEED    27   HIGHEST GUST DIRECTION    NW (330)
  AVERAGE WIND SPEED     5.1


SKY COVER
  POSSIBLE SUNSHINE  MM
  AVERAGE SKY COVER 0.5


WEATHER CONDITIONS
 THE FOLLOWING WEATHER WAS RECORDED YESTERDAY.
  NO SIGNIFICANT WEATHER WAS OBSERVED.


RELATIVE HUMIDITY (PERCENT)
 HIGHEST    35           400 AM
 LOWEST     10           200 PM
 AVERAGE    23

..........................................................


THE ALBUQUERQUE  NM CLIMATE NORMALS FOR TODAY
                         NORMAL    RECORD    YEAR
 MAXIMUM TEMPERATURE (F)   65        81      2012
                                             2011
 MINIMUM TEMPERATURE (F)   39        13      1896


SUNRISE AND SUNSET
APRIL  1 2015.........SUNRISE   654 AM MDT   SUNSET   728 PM MDT
APRIL  2 2015.........SUNRISE   652 AM MDT   SUNSET   728 PM MDT


-  INDICATES NEGATIVE NUMBERS.
R  INDICATES RECORD WAS SET OR TIED.
MM INDICATES DATA IS MISSING.
T  INDICATES TRACE AMOUNT.




$$
