000
CDUS45 KABQ 270828
CLIABQ


CLIMATE REPORT
NATIONAL WEATHER SERVICE ALBUQUERQUE NM
227 AM MDT MON APR 27 2015


...................................

...THE ALBUQUERQUE  NM CLIMATE SUMMARY FOR APRIL 26 2015...

CLIMATE NORMAL PERIOD 1981 TO 2010
CLIMATE RECORD PERIOD 1891 TO 2015


WEATHER ITEM   OBSERVED TIME   RECORD YEAR NORMAL DEPARTURE LAST
                VALUE   (LST)  VALUE       VALUE  FROM      YEAR
                                                  NORMAL
..................................................................
TEMPERATURE (F)
 YESTERDAY
  MAXIMUM         59   1257 AM  87    2012  72    -13       73
  MINIMUM         43    744 AM  28    1984  46     -3       38
  AVERAGE         51                        59     -8       56

PRECIPITATION (IN)
  YESTERDAY        0.22          0.59 1998   0.02   0.20
  MONTH TO DATE    0.35                      0.54  -0.19
  SINCE MAR 1      0.46                      1.11  -0.65
  SINCE JAN 1      1.77                      1.97  -0.20

SNOWFALL (IN)
  YESTERDAY       MM
  MONTH TO DATE    T
  SINCE MAR 1      T
  SINCE JUL 1     15.2
  SNOW DEPTH       0

DEGREE DAYS
 HEATING
  YESTERDAY       14                         6      8        9
  MONTH TO DATE  210                       255    -45      200
  SINCE MAR 1    574                       779   -205      670
  SINCE JUL 1   3495                      4082   -587     3813

 COOLING
  YESTERDAY        0                         1     -1        0
  MONTH TO DATE    0                         2     -2        6
  SINCE MAR 1      0                         2     -2        6
  SINCE JAN 1      0                         2     -2        6
..................................................................


WIND (MPH)
  HIGHEST WIND SPEED    18   HIGHEST WIND DIRECTION    SW (240)
  HIGHEST GUST SPEED    33   HIGHEST GUST DIRECTION     S (180)
  AVERAGE WIND SPEED     6.5


SKY COVER
  POSSIBLE SUNSHINE  MM
  AVERAGE SKY COVER 0.8


WEATHER CONDITIONS
 THE FOLLOWING WEATHER WAS RECORDED YESTERDAY.
  RAIN
  LIGHT RAIN
  FOG


RELATIVE HUMIDITY (PERCENT)
 HIGHEST    92           700 AM
 LOWEST     38           200 AM
 AVERAGE    65

..........................................................


THE ALBUQUERQUE  NM CLIMATE NORMALS FOR TODAY
                         NORMAL    RECORD    YEAR
 MAXIMUM TEMPERATURE (F)   73        88      1910
 MINIMUM TEMPERATURE (F)   47        29      1984


SUNRISE AND SUNSET
APRIL 27 2015.........SUNRISE   620 AM MDT   SUNSET   749 PM MDT
APRIL 28 2015.........SUNRISE   619 AM MDT   SUNSET   749 PM MDT


-  INDICATES NEGATIVE NUMBERS.
R  INDICATES RECORD WAS SET OR TIED.
MM INDICATES DATA IS MISSING.
T  INDICATES TRACE AMOUNT.




$$
