000
CDUS44 KFWD 020640
CLIACT


CLIMATE REPORT
NATIONAL WEATHER SERVICE FORT WORTH TX
139 AM CDT THU APR 2 2015


...................................

...THE WACO CLIMATE SUMMARY FOR APRIL 1 2015...

CLIMATE NORMAL PERIOD 1981 TO 2010
CLIMATE RECORD PERIOD 1901 TO 2015


WEATHER ITEM   OBSERVED TIME   RECORD YEAR NORMAL DEPARTURE LAST
                VALUE   (LST)  VALUE       VALUE  FROM      YEAR
                                                  NORMAL
..................................................................
TEMPERATURE (F)
 YESTERDAY
  MAXIMUM         79    338 PM  90    2011  74      5       83
                                      1935
  MINIMUM         66    459 AM  31    1937  51     15       63
  AVERAGE         73                        62     11       73

PRECIPITATION (IN)
  YESTERDAY        0.00          2.00 1911   0.07  -0.07     0.00
  MONTH TO DATE    0.00                      0.07  -0.07     0.00
  SINCE MAR 1      2.85                      3.22  -0.37     0.87
  SINCE JAN 1      7.58                      7.97  -0.39     1.63

SNOWFALL (IN)
  YESTERDAY        0.0           0.0    MM   0.0    0.0      0.0
  MONTH TO DATE    0.0                       0.0    0.0      0.0
  SINCE MAR 1      0.7                       0.1    0.6      0.1
  SINCE JUL 1      1.4                       1.0    0.4      0.1
  SNOW DEPTH       0

DEGREE DAYS
 HEATING
  YESTERDAY        0                         5     -5        0
  MONTH TO DATE    0                         5     -5        0
  SINCE MAR 1    295                       251     44      350
  SINCE JUL 1   2249                      2063    186     2493

 COOLING
  YESTERDAY        8                         2      6        8
  MONTH TO DATE    8                         2      6        8
  SINCE MAR 1     35                        36     -1       23
  SINCE JAN 1     35                        45    -10       23
..................................................................


WIND (MPH)
  HIGHEST WIND SPEED    24   HIGHEST WIND DIRECTION     S (170)
  HIGHEST GUST SPEED    29   HIGHEST GUST DIRECTION     S (170)
  AVERAGE WIND SPEED    14.5


SKY COVER
  POSSIBLE SUNSHINE  MM
  AVERAGE SKY COVER 0.5


WEATHER CONDITIONS
 THE FOLLOWING WEATHER WAS RECORDED YESTERDAY.
  FOG


RELATIVE HUMIDITY (PERCENT)
 HIGHEST    93           200 AM
 LOWEST     62           300 PM
 AVERAGE    78

..........................................................


THE WACO CLIMATE NORMALS FOR TODAY
                         NORMAL    RECORD    YEAR
 MAXIMUM TEMPERATURE (F)   74        93      1918
 MINIMUM TEMPERATURE (F)   51        34      1975


SUNRISE AND SUNSET
APRIL  2 2015.........SUNRISE   716 AM CDT   SUNSET   749 PM CDT
APRIL  3 2015.........SUNRISE   715 AM CDT   SUNSET   750 PM CDT


-  INDICATES NEGATIVE NUMBERS.
R  INDICATES RECORD WAS SET OR TIED.
MM INDICATES DATA IS MISSING.
T  INDICATES TRACE AMOUNT.




$$
