000
CDUS44 KFWD 250645
CLIACT


CLIMATE REPORT
NATIONAL WEATHER SERVICE FORT WORTH TX
144 AM CDT SAT APR 25 2015


...................................

...THE WACO CLIMATE SUMMARY FOR APRIL 24 2015...

CLIMATE NORMAL PERIOD 1981 TO 2010
CLIMATE RECORD PERIOD 1901 TO 2015


WEATHER ITEM   OBSERVED TIME   RECORD YEAR NORMAL DEPARTURE LAST
                VALUE   (LST)  VALUE       VALUE  FROM      YEAR
                                                  NORMAL
..................................................................
TEMPERATURE (F)
 YESTERDAY
  MAXIMUM         81    513 PM  92    2003  80      1       88
                                      1984
  MINIMUM         65   1159 PM  39    2013  57      8       53
                                      1995
  AVERAGE         73                        68      5       71

PRECIPITATION (IN)
  YESTERDAY        0.20          5.07 2004   0.11   0.09     0.00
  MONTH TO DATE    3.83                      2.04   1.79     1.70
  SINCE MAR 1      6.68                      5.19   1.49     2.57
  SINCE JAN 1     11.41                      9.94   1.47     3.33

SNOWFALL (IN)
  YESTERDAY        0.0           0.0    MM   0.0    0.0      0.0
  MONTH TO DATE    0.0                       0.2   -0.2      0.0
  SINCE MAR 1      0.7                       0.3    0.4      0.1
  SINCE JUL 1      1.4                       1.2    0.2      0.1
  SNOW DEPTH       0

DEGREE DAYS
 HEATING
  YESTERDAY        0                         1     -1        0
  MONTH TO DATE   40                        72    -32       91
  SINCE MAR 1    335                       318     17      441
  SINCE JUL 1   2289                      2130    159     2584

 COOLING
  YESTERDAY        8                         5      3        6
  MONTH TO DATE  112                        78     34       85
  SINCE MAR 1    139                       112     27      100
  SINCE JAN 1    139                       121     18      100
..................................................................


WIND (MPH)
  HIGHEST WIND SPEED    33   HIGHEST WIND DIRECTION     W (260)
  HIGHEST GUST SPEED    47   HIGHEST GUST DIRECTION     W (270)
  AVERAGE WIND SPEED     8.1


SKY COVER
  POSSIBLE SUNSHINE  MM
  AVERAGE SKY COVER 0.7


WEATHER CONDITIONS
 THE FOLLOWING WEATHER WAS RECORDED YESTERDAY.
  THUNDERSTORM
  RAIN
  LIGHT RAIN
  FOG


RELATIVE HUMIDITY (PERCENT)
 HIGHEST   100          1200 AM
 LOWEST     67          1200 PM
 AVERAGE    84

..........................................................


THE WACO CLIMATE NORMALS FOR TODAY
                         NORMAL    RECORD    YEAR
 MAXIMUM TEMPERATURE (F)   80        94      1996
 MINIMUM TEMPERATURE (F)   57        38      1910


SUNRISE AND SUNSET
APRIL 25 2015.........SUNRISE   650 AM CDT   SUNSET   804 PM CDT
APRIL 26 2015.........SUNRISE   649 AM CDT   SUNSET   805 PM CDT


-  INDICATES NEGATIVE NUMBERS.
R  INDICATES RECORD WAS SET OR TIED.
MM INDICATES DATA IS MISSING.
T  INDICATES TRACE AMOUNT.




$$
