000
CDUS41 KPHI 250627
CLIACY


CLIMATE REPORT
NATIONAL WEATHER SERVICE MOUNT HOLLY NJ
226 AM EDT SAT APR 25 2015


...................................

...THE ATLANTIC CITY NJ CLIMATE SUMMARY FOR APRIL 24 2015...

CLIMATE NORMAL PERIOD 1981 TO 2010
CLIMATE RECORD PERIOD 1874 TO 2015


WEATHER ITEM   OBSERVED TIME   RECORD YEAR NORMAL DEPARTURE LAST
                VALUE   (LST)  VALUE       VALUE  FROM      YEAR
                                                  NORMAL
..................................................................
TEMPERATURE (F)
 YESTERDAY
  MAXIMUM         55    500 PM  85    2001  65    -10       62
  MINIMUM         35   1148 PM  26    1989  44     -9       39
  AVERAGE         45                        54     -9       51

PRECIPITATION (IN)
  YESTERDAY        0.00          2.15 1944   0.11  -0.11     0.00
  MONTH TO DATE    2.55                      2.99  -0.44     1.46
  SINCE MAR 1      9.19                      7.20   1.99     6.46
  SINCE JAN 1     17.25                     13.29   3.96    15.01

SNOWFALL (IN)
  YESTERDAY        0.0           2.4  1956   0.0    0.0      0.0
  MONTH TO DATE    0.0                       0.3   -0.3       T
  SINCE MAR 1      7.4                       1.4    6.0     15.6
  SINCE JUL 1     22.4                      16.5    5.9     43.8
  SNOW DEPTH       0

DEGREE DAYS
 HEATING
  YESTERDAY       20                        11      9       14
  MONTH TO DATE  303                       347    -44      367
  SINCE MAR 1   1130                      1053     77     1226
  SINCE JUL 1   5005                      4644    361     5089

 COOLING
  YESTERDAY        0                         0      0        0
  MONTH TO DATE    0                         0      0        0
  SINCE MAR 1      0                         0      0        0
  SINCE JAN 1      0                         0      0        0
..................................................................


WIND (MPH)
  HIGHEST WIND SPEED    28   HIGHEST WIND DIRECTION    NW (320)
  HIGHEST GUST SPEED    35   HIGHEST GUST DIRECTION     W (290)
  AVERAGE WIND SPEED    14.6


SKY COVER
  POSSIBLE SUNSHINE  MM
  AVERAGE SKY COVER 0.4


WEATHER CONDITIONS
 THE FOLLOWING WEATHER WAS RECORDED YESTERDAY.
  NO SIGNIFICANT WEATHER WAS OBSERVED.


RELATIVE HUMIDITY (PERCENT)
 HIGHEST    70          1100 PM
 LOWEST     24           300 PM
 AVERAGE    47

..........................................................


THE ATLANTIC CITY NJ CLIMATE NORMALS FOR TODAY
                         NORMAL    RECORD    YEAR
 MAXIMUM TEMPERATURE (F)   65        92      2009
 MINIMUM TEMPERATURE (F)   45        30      1888
                                             1883


SUNRISE AND SUNSET
APRIL 25 2015.........SUNRISE   607 AM EDT   SUNSET   746 PM EDT
APRIL 26 2015.........SUNRISE   606 AM EDT   SUNSET   747 PM EDT


-  INDICATES NEGATIVE NUMBERS.
R  INDICATES RECORD WAS SET OR TIED.
MM INDICATES DATA IS MISSING.
T  INDICATES TRACE AMOUNT.




$$
