000
CDUS45 KCYS 210733
CLIAIA


CLIMATE REPORT
NATIONAL WEATHER SERVICE CHEYENNE WY
132 AM MDT TUE APR 21 2015


...................................

...THE ALLIANCE NE AIRPORT CLIMATE SUMMARY FOR APRIL 20 2015...

CLIMATE NORMAL PERIOD 1981 TO 2010
CLIMATE RECORD PERIOD 1896 TO 2015


WEATHER ITEM   OBSERVED TIME   RECORD YEAR NORMAL DEPARTURE LAST
                VALUE   (LST)  VALUE       VALUE  FROM      YEAR
                                                  NORMAL
..................................................................
TEMPERATURE (F)
 YESTERDAY
  MAXIMUM         55    342 PM  86    1910  61     -6       78
                                      1902
  MINIMUM         23    356 AM  -4    1966  31     -8       36
  AVERAGE         39                        46     -7       57

PRECIPITATION (IN)
  YESTERDAY        0.00          1.00 1933   0.06  -0.06     0.00
                                      1912
  MONTH TO DATE    2.09                      0.94   1.15     0.05
  SINCE JAN 1      3.07                      2.35   0.72     1.79

DEGREE DAYS
 HEATING
  YESTERDAY       26                        19      7        8
  MONTH TO DATE  410                       429    -19      441
  SINCE MAR 1   1130                      1311   -181     1358
  SINCE JUL 1   6357                      6715   -358     6922

 COOLING
  YESTERDAY        0                         0      0        0
  MONTH TO DATE    0                         0      0        0
  SINCE MAR 1      0                         0      0        0
  SINCE JAN 1      0                         0      0        0
..................................................................


WIND (MPH)
  HIGHEST WIND SPEED    28   HIGHEST WIND DIRECTION    NW (300)
  HIGHEST GUST SPEED    36   HIGHEST GUST DIRECTION    NW (310)
  AVERAGE WIND SPEED    12.8


SKY COVER
  AVERAGE SKY COVER 0.3


WEATHER CONDITIONS
 THE FOLLOWING WEATHER WAS RECORDED YESTERDAY.
  NO SIGNIFICANT WEATHER WAS OBSERVED.


RELATIVE HUMIDITY (PERCENT)
 HIGHEST    88          1200 AM
 LOWEST     28           200 PM
 AVERAGE    58

..........................................................


THE ALLIANCE NE AIRPORT CLIMATE NORMALS FOR TODAY
                         NORMAL    RECORD    YEAR
 MAXIMUM TEMPERATURE (F)   61        85      1980
 MINIMUM TEMPERATURE (F)   31        12      1927


SUNRISE AND SUNSET
APRIL 21 2015.........SUNRISE   602 AM MDT   SUNSET   739 PM MDT
APRIL 22 2015.........SUNRISE   600 AM MDT   SUNSET   740 PM MDT


-  INDICATES NEGATIVE NUMBERS.
R  INDICATES RECORD WAS SET OR TIED.
MM INDICATES DATA IS MISSING.
T  INDICATES TRACE AMOUNT.




$$
