000
CDUS44 KBMX 050902
CLIANB


CLIMATE REPORT
NATIONAL WEATHER SERVICE BIRMINGHAM, AL
400 AM CDT TUE MAY 5 2015


...................................

...THE ANNISTON CLIMATE SUMMARY FOR MAY 4 2015...

CLIMATE NORMAL PERIOD 1981 TO 2010
CLIMATE RECORD PERIOD 1903 TO 2015


WEATHER ITEM   OBSERVED TIME   RECORD YEAR NORMAL DEPARTURE LAST
                VALUE   (LST)  VALUE       VALUE  FROM      YEAR
                                                  NORMAL
..................................................................
TEMPERATURE (F)
 YESTERDAY
  MAXIMUM         83    236 PM  91    1955  78      5       85
  MINIMUM         51    424 AM  35    1971  55     -4       49
  AVERAGE         67                        67      0       67

PRECIPITATION (IN)
  YESTERDAY        0.00          2.75 2009   0.14  -0.14     0.00
  MONTH TO DATE    0.00                      0.57  -0.57     0.00
  SINCE MAR 1     13.83                      9.64   4.19    13.26
  SINCE JAN 1     21.99                     19.24   2.75    20.42

..................................................................


WIND (MPH)
  HIGHEST WIND SPEED     9   HIGHEST WIND DIRECTION    SE (130)
  HIGHEST GUST SPEED    13   HIGHEST GUST DIRECTION     W (260)
  AVERAGE WIND SPEED     2.3


SKY COVER
  AVERAGE SKY COVER 0.2


WEATHER CONDITIONS
 THE FOLLOWING WEATHER WAS RECORDED YESTERDAY.
  FOG
  HAZE


RELATIVE HUMIDITY (PERCENT)
 HIGHEST    93
 LOWEST     32
 AVERAGE    63

..........................................................


THE ANNISTON CLIMATE NORMALS FOR TODAY
                         NORMAL    RECORD    YEAR
 MAXIMUM TEMPERATURE (F)   79        92      1959
 MINIMUM TEMPERATURE (F)   55        39      2011
                                             1973


SUNRISE AND SUNSET
MAY  5 2015...........SUNRISE   551 AM CDT   SUNSET   729 PM CDT
MAY  6 2015...........SUNRISE   550 AM CDT   SUNSET   730 PM CDT


-  INDICATES NEGATIVE NUMBERS.
R  INDICATES RECORD WAS SET OR TIED.
MM INDICATES DATA IS MISSING.
T  INDICATES TRACE AMOUNT.




$$
