000
CDUS43 KAPX 060537
CLIANJ


CLIMATE REPORT
NATIONAL WEATHER SERVICE GAYLORD MI
136 AM EDT WED MAY 6 2015


...................................

...THE SAULT STE MARIE MI CLIMATE SUMMARY FOR MAY 5 2015...

CLIMATE NORMAL PERIOD 1981 TO 2010
CLIMATE RECORD PERIOD 1888 TO 2015


WEATHER ITEM   OBSERVED TIME   RECORD YEAR NORMAL DEPARTURE LAST
                VALUE   (LST)  VALUE       VALUE  FROM      YEAR
                                                  NORMAL
..................................................................
TEMPERATURE (F)
 YESTERDAY
  MAXIMUM         68    446 PM  83    1930  59      9       50
                                      1895
  MINIMUM         35    601 AM  23    1954  38     -3       30
  AVERAGE         52                        49      3       40

PRECIPITATION (IN)
  YESTERDAY        0.00          1.50 1949   0.07  -0.07     0.00
  MONTH TO DATE    0.31                      0.38  -0.07     0.67
  SINCE MAR 1      3.47                      4.72  -1.25     6.58
  SINCE JAN 1      6.84                      8.25  -1.41     9.94

DEGREE DAYS
 HEATING
  YESTERDAY       13                        16     -3       25
  MONTH TO DATE   47                        86    -39      120
  SINCE MAR 1   2170                      2029    141     2504
  SINCE JUL 1   8949                      8155    794     9284

 COOLING
  YESTERDAY        0                         0      0        0
  MONTH TO DATE    0                         0      0        0
  SINCE MAR 1      0                         0      0        0
  SINCE JAN 1      0                         0      0        0
..................................................................


WIND (MPH)
  HIGHEST WIND SPEED    12   HIGHEST WIND DIRECTION    NW (310)
  HIGHEST GUST SPEED    16   HIGHEST GUST DIRECTION    NW (300)
  AVERAGE WIND SPEED     4.3




RELATIVE HUMIDITY (PERCENT)
 HIGHEST    92
 LOWEST     20
 AVERAGE    56

..........................................................


THE SAULT STE MARIE MI CLIMATE NORMALS FOR TODAY
                         NORMAL    RECORD    YEAR
 MAXIMUM TEMPERATURE (F)   60        82      2000
                                             1939
 MINIMUM TEMPERATURE (F)   38        22      1976


SUNRISE AND SUNSET
MAY  6 2015...........SUNRISE   616 AM EDT   SUNSET   853 PM EDT
MAY  7 2015...........SUNRISE   615 AM EDT   SUNSET   854 PM EDT


-  INDICATES NEGATIVE NUMBERS.
R  INDICATES RECORD WAS SET OR TIED.
MM INDICATES DATA IS MISSING.
T  INDICATES TRACE AMOUNT.




$$
