000
CDAK47 PANT 280015
CLIANN

CLIMATE REPORT
NATIONAL WEATHER SERVICE ANNETTE, AK
415 PM AKDT MON APR 27 2015

...................................
...THE ANNETTE WSO AP CLIMATE SUMMARY FOR APRIL 27 2015...
VALID TODAY AS OF 2:00 PM LOCAL TIME

CLIMATE NORMAL PERIOD  1981 TO  2010
CLIMATE RECORD PERIOD  1948 TO  2015

WEATHER ITEM   OBSERVED TIME    RECORD YEAR NORMAL DEPARTURE LAST
               VALUE    (LST)   VALUE       VALUE  FROM      YEAR
                                                   NORMAL
...................................................................
TEMPERATURE
TODAY
 MAXIMUM            51  1108 AM    73  1976     52      -1     51
 MINIMUM            41  0820 AM    31  1999     40       1     42
 AVERAGE            46                          46       0     47

PRECIPITATION
(INCHES)
 TODAY            0.60           1.72  2006   0.19    0.41   0.05
 MONTH TO DATE    9.17                        6.18    2.99  10.45
 SINCE MAR 1     19.25                       14.23    5.02  18.59
 SINCE JAN 1     40.31                       32.27    8.04  30.69

SNOWFALL
(INCHES)
 TODAY             0.0            1.2  1985    0.0     0.0    0.0
 MONTH TO DATE       T                         1.4    -1.4    0.0
 SINCE MAR 1         T                         8.3    -8.3    0.3
 SINCE JUL 1      10.2                        34.8   -24.6   25.4
 SNOW DEPTH (IN)     0                                          0

DEGREE DAYS
 HEATING
  TODAY             19                          19       0     18
  MONTH TO DATE    533                         568     -35    580
  SINCE MAR 1     1182                        1352    -170   1447
  SINCE JUL 1     5266                        5890    -624   5936

 COOLING
  TODAY              0                           0       0      0
  MONTH TO DATE      0                           0       0      0
  SINCE MAR 1        0                           0       0      0
  SINCE JAN 1        0                           0       0      0
...................................................................

WIND (MPH)
 HIGHEST WIND SPEED    18     HIGHEST WIND DIRECTION    140
 HIGHEST GUST SPEED    30     HIGHEST GUST DIRECTION    140
 AVERAGE WIND SPEED    MM

SKY COVER
  POSSIBLE SUNSHINE  MM            AVERAGE SKY COVER MM

WEATHER CONDITIONS
 THE FOLLOWING WEATHER WAS RECORDED TODAY.
FOG
THUNDER
RAIN


RELATIVE HUMIDITY
 HIGHEST RH     MM PERCENT       MM
 LOWEST  RH     MM PERCENT       MM
 AVERAGE RH     MM PERCENT       MM
...................................................................

THE ANNETTE CLIMATE NORMALS FOR TOMORROW
                        NORMAL    RECORD   YEAR
 MAXIMUM TEMPERATURE      53        79     1976
 MINIMUM TEMPERATURE      40        30     1954

SUNRISE AND SUNSET
 APR 27 2015..........SUNRISE  5:16 AM      SUNSET  8:15 PM
 APR 28 2015..........SUNRISE  5:13 AM      SUNSET  8:17 PM

-  INDICATES NEGATIVE NUMBERS.
R  INDICATES RECORD HAS BEEN SET OR TIED.
MM INDICATES DATA IS MISSING.
T  INDICATES TRACE OF PRECIPITATION.

&&
-------------------------------------------------------------------

AMOUNT OF DAYLIGHT TODAY  (HOUR:MIN)........14 HOURS 59 MINUTES
GAIN/LOSS SINCE YESTERDAY (HOUR:MIN:SEC)....+0:04:11

$$
MM APR 15
