000
CDUS43 KAPX 040540
CLIAPN


CLIMATE REPORT
NATIONAL WEATHER SERVICE GAYLORD MI
139 AM EDT MON MAY 4 2015


...................................

...THE ALPENA MI CLIMATE SUMMARY FOR MAY 3 2015...

CLIMATE NORMAL PERIOD 1981 TO 2010
CLIMATE RECORD PERIOD 1916 TO 2015


WEATHER ITEM   OBSERVED TIME   RECORD YEAR NORMAL DEPARTURE LAST
                VALUE   (LST)  VALUE       VALUE  FROM      YEAR
                                                  NORMAL
..................................................................
TEMPERATURE (F)
 YESTERDAY
  MAXIMUM         81    508 PM  86    1949  60     21       47
  MINIMUM         42   1232 AM  20    1950  37      5       38
  AVERAGE         62                        48     14       43

PRECIPITATION (IN)
  YESTERDAY        0.00          1.16 1929   0.08  -0.08     0.30
  MONTH TO DATE    0.00                      0.23  -0.23     0.70
  SINCE MAR 1      3.10                      4.48  -1.38     7.36
  SINCE JAN 1      4.89                      7.46  -2.57     9.89

DEGREE DAYS
 HEATING
  YESTERDAY        3                        17    -14       22
  MONTH TO DATE   26                        51    -25       57
  SINCE MAR 1   1904                      1878     26     2237
  SINCE JUL 1   8167                      7610    557     8726

 COOLING
  YESTERDAY        0                         0      0        0
  MONTH TO DATE    0                         0      0        0
  SINCE MAR 1      0                         2     -2        0
  SINCE JAN 1      0                         2     -2        0
..................................................................


WIND (MPH)
  HIGHEST WIND SPEED    21   HIGHEST WIND DIRECTION    SW (210)
  HIGHEST GUST SPEED    32   HIGHEST GUST DIRECTION    SW (210)
  AVERAGE WIND SPEED     8.1




RELATIVE HUMIDITY (PERCENT)
 HIGHEST    83
 LOWEST     23
 AVERAGE    53

..........................................................


THE ALPENA MI CLIMATE NORMALS FOR TODAY
                         NORMAL    RECORD    YEAR
 MAXIMUM TEMPERATURE (F)   60        88      1949
 MINIMUM TEMPERATURE (F)   37        21      2005
                                             1926


SUNRISE AND SUNSET
MAY  4 2015...........SUNRISE   619 AM EDT   SUNSET   843 PM EDT
MAY  5 2015...........SUNRISE   618 AM EDT   SUNSET   845 PM EDT


-  INDICATES NEGATIVE NUMBERS.
R  INDICATES RECORD WAS SET OR TIED.
MM INDICATES DATA IS MISSING.
T  INDICATES TRACE AMOUNT.




$$
