000
CDUS43 KLOT 250633
CLIARR


CLIMATE REPORT
NATIONAL WEATHER SERVICE CHICAGO IL
132 AM CDT SAT APR 25 2015


...................................

...THE AURORA MUNICIPAL AIRPORT CLIMATE SUMMARY FOR APRIL 24 2015...

CLIMATE NORMAL PERIOD 1981 TO 2010
CLIMATE RECORD PERIOD 1998 TO 2015


WEATHER ITEM   OBSERVED TIME   RECORD YEAR NORMAL DEPARTURE LAST
                VALUE   (LST)  VALUE       VALUE  FROM      YEAR
                                                  NORMAL
..................................................................
TEMPERATURE (F)
 YESTERDAY
  MAXIMUM         63    309 PM  82    2009  63      0       68
  MINIMUM         24R   443 AM  31    2012  40    -16       40
                                      2005
  AVERAGE         44                        52     -8       54

PRECIPITATION (IN)
  YESTERDAY        0.43          0.58 2009   0.10   0.33     0.02
  MONTH TO DATE    3.81                      2.47   1.34     1.48
  SINCE MAR 1      4.19                      4.70  -0.51     2.20
  SINCE JAN 1      4.87                      7.79  -2.92     4.05

DEGREE DAYS
 HEATING
  YESTERDAY       21                        14      7       11
  MONTH TO DATE  341                       422    -81      422
  SINCE MAR 1   1286                      1292     -6     1503
  SINCE JUL 1   6741                      6430    311     7079

 COOLING
  YESTERDAY        0                         0      0        0
  MONTH TO DATE    0                         0      0        0
  SINCE MAR 1      0                         0      0        0
  SINCE JAN 1      0                         0      0        0
..................................................................


WIND (MPH)
  RESULTANT WIND SPEED   6   RESULTANT WIND DIRECTION   E (100)
  HIGHEST WIND SPEED    24   HIGHEST WIND DIRECTION    SE (130)
  HIGHEST GUST SPEED    31   HIGHEST GUST DIRECTION    SE (130)
  AVERAGE WIND SPEED     8.6


SKY COVER
  POSSIBLE SUNSHINE  MM
  AVERAGE SKY COVER 0.7


WEATHER CONDITIONS
 THE FOLLOWING WEATHER WAS RECORDED YESTERDAY.
  RAIN
  LIGHT RAIN
  FOG


RELATIVE HUMIDITY (PERCENT)
 HIGHEST    82           900 PM
 LOWEST     19          1100 AM
 AVERAGE    51

..........................................................


THE AURORA MUNICIPAL AIRPORT CLIMATE NORMALS FOR TODAY
                         NORMAL    RECORD    YEAR
 MAXIMUM TEMPERATURE (F)   64        77      2008
 MINIMUM TEMPERATURE (F)   40        30      2005


SUNRISE AND SUNSET
APRIL 25 2015.........SUNRISE   559 AM CDT   SUNSET   745 PM CDT
APRIL 26 2015.........SUNRISE   558 AM CDT   SUNSET   746 PM CDT


-  INDICATES NEGATIVE NUMBERS.
R  INDICATES RECORD WAS SET OR TIED.
MM INDICATES DATA IS MISSING.
T  INDICATES TRACE AMOUNT.




$$
