000
CDUS44 KEWX 050828
CLIATT


CLIMATE REPORT
NATIONAL WEATHER SERVICE AUSTIN/SAN ANTONIO, TX
328 AM CDT TUE MAY 5 2015


...................................

...THE AUSTIN CAMP MABRY CLIMATE SUMMARY FOR MAY 4 2015...

CLIMATE NORMAL PERIOD 1981 TO 2010
CLIMATE RECORD PERIOD 1897 TO 2015


WEATHER ITEM   OBSERVED TIME   RECORD YEAR NORMAL DEPARTURE LAST
                VALUE   (LST)  VALUE       VALUE  FROM      YEAR
                                                  NORMAL
..................................................................
TEMPERATURE (F)
 YESTERDAY
  MAXIMUM         84    233 PM 100    1984  84      0       91
  MINIMUM         66    645 AM  42    1907  64      2       61
  AVERAGE         75                        74      1

PRECIPITATION (IN)
  YESTERDAY        0.00          2.70 1895   0.12  -0.12     0.00
  MONTH TO DATE    0.00                      0.49  -0.49     0.00
  SINCE MAR 1      7.14                      5.34   1.80     3.16
  SINCE JAN 1     12.66                      9.58   3.08     3.99

SNOWFALL (IN)
  YESTERDAY        0.0
  MONTH TO DATE    0.0
  SINCE MAR 1      T
  SINCE JUL 1      T
  SNOW DEPTH       0

DEGREE DAYS
 HEATING
  YESTERDAY        0                         0      0        0
  MONTH TO DATE    0                         0      0        0
  SINCE MAR 1    215                       200     15      275
  SINCE JUL 1   1698                      1537    161     1771

 COOLING
  YESTERDAY       10                         9      1       11
  MONTH TO DATE   27                        34     -7       27
  SINCE MAR 1    294                       259     35      251
  SINCE JAN 1    305                       286     19      292
..................................................................


WIND (MPH)
  HIGHEST WIND SPEED    16   HIGHEST WIND DIRECTION    SE (140)
  HIGHEST GUST SPEED    26   HIGHEST GUST DIRECTION    SE (130)
  AVERAGE WIND SPEED     8.2


SKY COVER
  AVERAGE SKY COVER 0.6


WEATHER CONDITIONS
 THE FOLLOWING WEATHER WAS RECORDED YESTERDAY.
  FOG


RELATIVE HUMIDITY (PERCENT)
 HIGHEST    93           400 AM
 LOWEST     49           600 PM
 AVERAGE    71

..........................................................


THE AUSTIN CAMP MABRY CLIMATE NORMALS FOR TODAY
                         NORMAL    RECORD    YEAR
 MAXIMUM TEMPERATURE (F)   84       100      1984
 MINIMUM TEMPERATURE (F)   64        47      1944
                                             1935


SUNRISE AND SUNSET
MAY  5 2015...........SUNRISE   644 AM CDT   SUNSET   811 PM CDT
MAY  6 2015...........SUNRISE   643 AM CDT   SUNSET   812 PM CDT


-  INDICATES NEGATIVE NUMBERS.
R  INDICATES RECORD WAS SET OR TIED.
MM INDICATES DATA IS MISSING.
T  INDICATES TRACE AMOUNT.




$$
