000
CDUS44 KEWX 280704
CLIAUS


CLIMATE REPORT
NATIONAL WEATHER SERVICE AUSTIN/SAN ANTONIO, TX
203 AM CDT TUE APR 28 2015


...................................

...THE AUSTIN BERGSTROM CLIMATE SUMMARY FOR APRIL 27 2015...

CLIMATE NORMAL PERIOD 1981 TO 2010
CLIMATE RECORD PERIOD 1943 TO 2015


WEATHER ITEM   OBSERVED TIME   RECORD YEAR NORMAL DEPARTURE LAST
                VALUE   (LST)  VALUE       VALUE  FROM      YEAR
                                                  NORMAL
..................................................................
TEMPERATURE (F)
 YESTERDAY
  MAXIMUM         84    504 PM  94    1961  83      1       92
  MINIMUM         60    525 AM  45    2005  58      2       73
                                      2001
  AVERAGE         72                        70      2       83

PRECIPITATION (IN)
  YESTERDAY        0.43          1.37 2009   0.09   0.34      T
  MONTH TO DATE    2.35                      1.99   0.36     1.65
  SINCE MAR 1      6.39                      4.77   1.62     2.84
  SINCE JAN 1     12.13                      9.28   2.85     3.93

SNOWFALL (IN)
  YESTERDAY        0.0
  MONTH TO DATE    0.0
  SINCE MAR 1      0.0
  SINCE JUL 1      T
  SNOW DEPTH       0

DEGREE DAYS
 HEATING
  YESTERDAY        0                         1     -1        0
  MONTH TO DATE   12                        61    -49       72
  SINCE MAR 1    252                       283    -31      352
  SINCE JUL 1   1966                      1898     68     2169

 COOLING
  YESTERDAY        7                         6      1       18
  MONTH TO DATE  168                       112     56      127
  SINCE MAR 1    206                       154     52      159
  SINCE JAN 1    208                       170     38      176
..................................................................


WIND (MPH)
  HIGHEST WIND SPEED    23   HIGHEST WIND DIRECTION     N (10)
  HIGHEST GUST SPEED    39   HIGHEST GUST DIRECTION     W (270)
  AVERAGE WIND SPEED     7.2


SKY COVER
  AVERAGE SKY COVER 0.5


WEATHER CONDITIONS
 THE FOLLOWING WEATHER WAS RECORDED YESTERDAY.
  THUNDERSTORM
  HEAVY RAIN
  RAIN
  LIGHT RAIN
  FOG


RELATIVE HUMIDITY (PERCENT)
 HIGHEST   100           200 AM
 LOWEST     43           500 PM
 AVERAGE    72

..........................................................


THE AUSTIN BERGSTROM CLIMATE NORMALS FOR TODAY
                         NORMAL    RECORD    YEAR
 MAXIMUM TEMPERATURE (F)   83        93      1955
 MINIMUM TEMPERATURE (F)   58        43      2008


SUNRISE AND SUNSET
APRIL 28 2015.........SUNRISE   650 AM CDT   SUNSET   806 PM CDT
APRIL 29 2015.........SUNRISE   650 AM CDT   SUNSET   807 PM CDT


-  INDICATES NEGATIVE NUMBERS.
R  INDICATES RECORD WAS SET OR TIED.
MM INDICATES DATA IS MISSING.
T  INDICATES TRACE AMOUNT.




$$
