000
CDUS44 KEWX 020716
CLIAUS


CLIMATE REPORT
NATIONAL WEATHER SERVICE AUSTIN/SAN ANTONIO, TX
216 AM CDT THU APR 2 2015


...................................

...THE AUSTIN BERGSTROM CLIMATE SUMMARY FOR APRIL 1 2015...

CLIMATE NORMAL PERIOD 1981 TO 2010
CLIMATE RECORD PERIOD 1943 TO 2015


WEATHER ITEM   OBSERVED TIME   RECORD YEAR NORMAL DEPARTURE LAST
                VALUE   (LST)  VALUE       VALUE  FROM      YEAR
                                                  NORMAL
..................................................................
TEMPERATURE (F)
 YESTERDAY
  MAXIMUM         81    405 PM  92    2011  76      5       87
  MINIMUM         66    502 AM  36    2009  51     15       67
                                      1998
  AVERAGE         74                        64     10       77

PRECIPITATION (IN)
  YESTERDAY        0.00          0.64 1945   0.07  -0.07      T
  MONTH TO DATE    0.00                      0.07  -0.07      T
  SINCE MAR 1      4.04                      2.85   1.19     1.19
  SINCE JAN 1      9.78                      7.36   2.42     2.28

SNOWFALL (IN)
  YESTERDAY        0.0
  MONTH TO DATE    0.0
  SINCE MAR 1      0.0
  SINCE JUL 1      T
  SNOW DEPTH       0

DEGREE DAYS
 HEATING
  YESTERDAY        0                         4     -4        0
  MONTH TO DATE    0                         4     -4        0
  SINCE MAR 1    236                       226     10      280
  SINCE JUL 1   1950                      1841    109     2097

 COOLING
  YESTERDAY        9                         3      6       12
  MONTH TO DATE    9                         3      6       12
  SINCE MAR 1     47                        45      2       44
  SINCE JAN 1     49                        61    -12       61
..................................................................


WIND (MPH)
  HIGHEST WIND SPEED    18   HIGHEST WIND DIRECTION     S (180)
  HIGHEST GUST SPEED    24   HIGHEST GUST DIRECTION    SE (150)
  AVERAGE WIND SPEED    10.9


SKY COVER
  AVERAGE SKY COVER 0.8


WEATHER CONDITIONS
 THE FOLLOWING WEATHER WAS RECORDED YESTERDAY.
  NO SIGNIFICANT WEATHER WAS OBSERVED.


RELATIVE HUMIDITY (PERCENT)
 HIGHEST    93           500 AM
 LOWEST     58           400 PM
 AVERAGE    76

..........................................................


THE AUSTIN BERGSTROM CLIMATE NORMALS FOR TODAY
                         NORMAL    RECORD    YEAR
 MAXIMUM TEMPERATURE (F)   77        91      2006
 MINIMUM TEMPERATURE (F)   51        38      1970
                                             1962


SUNRISE AND SUNSET
APRIL  2 2015.........SUNRISE   719 AM CDT   SUNSET   750 PM CDT
APRIL  3 2015.........SUNRISE   718 AM CDT   SUNSET   751 PM CDT


-  INDICATES NEGATIVE NUMBERS.
R  INDICATES RECORD WAS SET OR TIED.
MM INDICATES DATA IS MISSING.
T  INDICATES TRACE AMOUNT.




$$
