000
CDUS46 KHNX 190021
CLIBFL


CLIMATE REPORT
NATIONAL WEATHER SERVICE SAN JOAQUIN VALLEY, CA
521 PM PDT SAT APR 18 2015


...................................

...THE BAKERSFIELD CLIMATE SUMMARY FOR APRIL 18 2015...
VALID AS OF 0500 PM LOCAL TIME.

CLIMATE NORMAL PERIOD 1981 TO 2010
CLIMATE RECORD PERIOD 1889 TO 2015


WEATHER ITEM   OBSERVED TIME   RECORD YEAR NORMAL DEPARTURE LAST
                VALUE   (LST)  VALUE       VALUE  FROM      YEAR
                                                  NORMAL
..................................................................
TEMPERATURE (F)
 TODAY
  MAXIMUM         88    359 PM  98    1910  76     12       82
  MINIMUM         54    517 AM  35    1922  51      3       63
  AVERAGE         71                        63      8       73

PRECIPITATION (IN)
  TODAY            0.00          0.52 1967   0.01  -0.01     0.00
  MONTH TO DATE    0.06                      0.36  -0.30     0.14
  SINCE OCT 1      4.59                      5.93  -1.34     2.01
  SINCE JAN 1      1.92                      3.97  -2.05     0.94

SNOWFALL (IN)
  TODAY            0.0
  MONTH TO DATE    0.0
  SINCE MAR 1      0.0
  SINCE JUL 1      0.0
  SNOW DEPTH       0

DEGREE DAYS
 HEATING
  TODAY            0                         4     -4        0
  MONTH TO DATE   63                        95    -32       44
  SINCE MAR 1    147                       334   -187      144
  SINCE JUL 1   1282                      2108   -826     1472

 COOLING
  TODAY            6                         2      4        8
  MONTH TO DATE   21                        25     -4       97
  SINCE MAR 1     92                        34     58      117
  SINCE JAN 1     96                        34     62      126
..................................................................


WIND (MPH)
  HIGHEST WIND SPEED    13   HIGHEST WIND DIRECTION    NW (310)
  HIGHEST GUST SPEED    16   HIGHEST GUST DIRECTION    NW (320)
  AVERAGE WIND SPEED     4.6




RELATIVE HUMIDITY (PERCENT)
 HIGHEST    30
 LOWEST      8
 AVERAGE    19

..........................................................


THE BAKERSFIELD CLIMATE NORMALS FOR TOMORROW
                         NORMAL    RECORD    YEAR
 MAXIMUM TEMPERATURE (F)   76        98      1910
 MINIMUM TEMPERATURE (F)   51        38      1996
                                             1968
                                             1955


SUNRISE AND SUNSET
APRIL 18 2015.........SUNRISE   620 AM PDT   SUNSET   731 PM PDT
APRIL 19 2015.........SUNRISE   619 AM PDT   SUNSET   732 PM PDT


-  INDICATES NEGATIVE NUMBERS.
R  INDICATES RECORD WAS SET OR TIED.
MM INDICATES DATA IS MISSING.
T  INDICATES TRACE AMOUNT.




$$
