000
CDUS45 KVEF 270831
CLIBIH


CLIMATE REPORT
NATIONAL WEATHER SERVICE LAS VEGAS, NV
130 AM PDT MON APR 27 2015


...................................

...THE BISHOP CA CLIMATE SUMMARY FOR APRIL 26 2015...

CLIMATE NORMAL PERIOD 1981 TO 2010
CLIMATE RECORD PERIOD 1943 TO 2015


WEATHER ITEM   OBSERVED TIME   RECORD YEAR NORMAL DEPARTURE LAST
                VALUE   (LST)  VALUE       VALUE  FROM      YEAR
                                                  NORMAL
..................................................................
TEMPERATURE (F)
 YESTERDAY
  MAXIMUM         73    316 PM  90    2000  76     -3       66
                                      1996
  MINIMUM         44    429 AM  21    1984  39      5       39
  AVERAGE         59                        57      2       53

PRECIPITATION (IN)
  YESTERDAY        0.00          0.06 1951   0.01  -0.01     0.00
                                      1947
  MONTH TO DATE    0.01                      0.24  -0.23     0.07
  SINCE OCT 1      0.74                      4.29  -3.55     2.24
  SINCE JAN 1      0.28                      2.67  -2.39     2.02

SNOWFALL (IN)
  YESTERDAY        0.0           T    1994   0.0    0.0      0.0
  MONTH TO DATE    0.0                       0.0    0.0      0.1
  SINCE MAR 1      T                         0.9   -0.9      0.1
  SINCE JUL 1      T                         6.8   -6.8      0.6
  SNOW DEPTH       0

DEGREE DAYS
 HEATING
  YESTERDAY        6                         8     -2       12
  MONTH TO DATE  247                       290    -43      182
  SINCE MAR 1    547                       806   -259      617
  SINCE JUL 1   2988                      4013  -1025     3567

 COOLING
  YESTERDAY        0                         0      0        0
  MONTH TO DATE    0                         0      0        4
  SINCE MAR 1      0                         0      0        4
  SINCE JAN 1      0                         0      0        4
..................................................................


WIND (MPH)
  RESULTANT WIND SPEED  18   RESULTANT WIND DIRECTION   N (10)
  HIGHEST WIND SPEED    33   HIGHEST WIND DIRECTION     N (20)
  HIGHEST GUST SPEED    42   HIGHEST GUST DIRECTION     N (360)
  AVERAGE WIND SPEED    18.8


SKY COVER
  POSSIBLE SUNSHINE  MM
  AVERAGE SKY COVER 0.0


WEATHER CONDITIONS
 THE FOLLOWING WEATHER WAS RECORDED YESTERDAY.
  HAZE


RELATIVE HUMIDITY (PERCENT)
 HIGHEST    49          1200 AM
 LOWEST     13           400 PM
 AVERAGE    31

..........................................................


THE BISHOP CA CLIMATE NORMALS FOR TODAY
                         NORMAL    RECORD    YEAR
 MAXIMUM TEMPERATURE (F)   76        90      1949
 MINIMUM TEMPERATURE (F)   39        23      1955


SUNRISE AND SUNSET
APRIL 27 2015.........SUNRISE   603 AM PDT   SUNSET   739 PM PDT
APRIL 28 2015.........SUNRISE   602 AM PDT   SUNSET   740 PM PDT


-  INDICATES NEGATIVE NUMBERS.
R  INDICATES RECORD WAS SET OR TIED.
MM INDICATES DATA IS MISSING.
T  INDICATES TRACE AMOUNT.




$$
