000
CDUS43 KBIS 020026
CLIBIS


CLIMATE REPORT
NATIONAL WEATHER SERVICE BISMARCK ND
726 PM CDT WED APR 1 2015


...................................

...THE BISMARCK ND CLIMATE SUMMARY FOR APRIL 1 2015...
VALID TODAY AS OF 0700 PM LOCAL TIME.

CLIMATE NORMAL PERIOD 1981 TO 2010
CLIMATE RECORD PERIOD 1875 TO 2015


WEATHER ITEM   OBSERVED TIME   RECORD YEAR NORMAL DEPARTURE LAST
                VALUE   (LST)  VALUE       VALUE  FROM      YEAR
                                                  NORMAL
..................................................................
TEMPERATURE (F)
 TODAY
  MAXIMUM         64    258 PM  79    2012  49     15       29
  MINIMUM         43    601 AM -12    1975  25     18        6
  AVERAGE         54                        37     17       18

PRECIPITATION (IN)
  TODAY            0.00          0.79 1892   0.03  -0.03     0.00
  MONTH TO DATE    0.00                      0.03  -0.03     0.00
  SINCE MAR 1      0.45                      0.90  -0.45     0.82
  SINCE JAN 1      1.59                      1.84  -0.25     1.39

SNOWFALL (IN)
  TODAY            0.0           9.0  1999   0.2   -0.2      0.0
  MONTH TO DATE    0.0                       0.2   -0.2      0.0
  SINCE MAR 1      0.8                       9.3   -8.5     11.1
  SINCE JUL 1     23.7                      46.8  -23.1     36.3
  SNOW DEPTH       0

DEGREE DAYS
 HEATING
  TODAY           11                        28    -17       47
  MONTH TO DATE   11                        28    -17       47
  SINCE MAR 1    900                      1116   -216     1211
  SINCE JUL 1   7261                      7547   -286     8063

 COOLING
  TODAY            0                         0      0        0
  MONTH TO DATE    0                         0      0        0
  SINCE MAR 1      0                         0      0        0
  SINCE JAN 1      0                         0      0        0
..................................................................


WIND (MPH)
  RESULTANT WIND SPEED  12   RESULTANT WIND DIRECTION  NW (320)
  HIGHEST WIND SPEED    35   HIGHEST WIND DIRECTION    NW (320)
  HIGHEST GUST SPEED    45   HIGHEST GUST DIRECTION     W (290)
  AVERAGE WIND SPEED    16.1


SKY COVER
  POSSIBLE SUNSHINE  MM
  AVERAGE SKY COVER 0.1


WEATHER CONDITIONS
 THE FOLLOWING WEATHER WAS RECORDED TODAY.
  NO SIGNIFICANT WEATHER WAS OBSERVED.


RELATIVE HUMIDITY (PERCENT)
 HIGHEST    71           200 AM
 LOWEST     24           200 PM
 AVERAGE    48

..........................................................


THE BISMARCK ND CLIMATE NORMALS FOR TOMORROW
                         NORMAL    RECORD    YEAR
 MAXIMUM TEMPERATURE (F)   50        82      1921
 MINIMUM TEMPERATURE (F)   26       -10      1975


SUNRISE AND SUNSET
APRIL  1 2015.........SUNRISE   723 AM CDT   SUNSET   812 PM CDT
APRIL  2 2015.........SUNRISE   721 AM CDT   SUNSET   813 PM CDT


-  INDICATES NEGATIVE NUMBERS.
R  INDICATES RECORD WAS SET OR TIED.
MM INDICATES DATA IS MISSING.
T  INDICATES TRACE AMOUNT.




$$
