000
CDUS43 KGRR 280521
CLIBIV


CLIMATE REPORT
NATIONAL WEATHER SERVICE GRAND RAPIDS, MI
120 AM EDT TUE APR 28 2015


...................................

...THE HOLLAND/TULIP CITY MI CLIMATE SUMMARY FOR APRIL 27 2015...

CLIMATE NORMAL PERIOD 1981 TO 2010
CLIMATE RECORD PERIOD 1996 TO 2015


WEATHER ITEM   OBSERVED TIME   NORMAL DEPARTURE LAST
                VALUE   (LST)  VALUE  FROM      YEAR
                                      NORMAL
......................................................
TEMPERATURE (F)
 YESTERDAY
  MAXIMUM         55   1022 AM  63     -8       61
  MINIMUM         38   1159 PM  43     -5       42
  AVERAGE         47            53     -6       52

PRECIPITATION (IN)
  YESTERDAY        0.00          0.14  -0.14      T
  MONTH TO DATE    3.92          2.78   1.14     1.80
  SINCE MAR 1      4.54          5.05  -0.51     2.94
  SINCE JAN 1      6.02          8.94  -2.92     6.90

DEGREE DAYS
 HEATING
  YESTERDAY       18            13      5       13
  MONTH TO DATE  438           469    -31      480
  SINCE MAR 1   1415          1343     72     1606
  SINCE JUL 1   6382          5843    539     6764

 COOLING
  YESTERDAY        0             0      0        0
  MONTH TO DATE    0             0      0        0
  SINCE MAR 1      0             0      0        0
  SINCE JAN 1      0             0      0        0
......................................................


WIND (MPH)
  RESULTANT WIND SPEED   5   RESULTANT WIND DIRECTION  NW (330)
  HIGHEST WIND SPEED    16   HIGHEST WIND DIRECTION    NW (310)
  HIGHEST GUST SPEED    22   HIGHEST GUST DIRECTION    NW (310)
  AVERAGE WIND SPEED     7.0


SKY COVER
  AVERAGE SKY COVER 0.5


WEATHER CONDITIONS
 THE FOLLOWING WEATHER WAS RECORDED YESTERDAY.
  NO SIGNIFICANT WEATHER WAS OBSERVED.


RELATIVE HUMIDITY (PERCENT)
 HIGHEST    79           600 AM
 LOWEST     53          1200 AM
 AVERAGE    66

..........................................................


THE HOLLAND/TULIP CITY MI CLIMATE NORMALS FOR TODAY
                         NORMAL
 MAXIMUM TEMPERATURE (F)   63
 MINIMUM TEMPERATURE (F)   43


SUNRISE AND SUNSET
APRIL 28 2015.........SUNRISE   643 AM EDT   SUNSET   842 PM EDT
APRIL 29 2015.........SUNRISE   642 AM EDT   SUNSET   843 PM EDT


-  INDICATES NEGATIVE NUMBERS.
R  INDICATES RECORD WAS SET OR TIED.
MM INDICATES DATA IS MISSING.
T  INDICATES TRACE AMOUNT.




$$
