000
CDUS46 KBOI 180931
CLIBKE


CLIMATE REPORT
NATIONAL WEATHER SERVICE BOISE ID
330 AM MDT SAT APR 18 2015


...................................

...THE BAKER OR CLIMATE SUMMARY FOR APRIL 17 2015...

CLIMATE NORMAL PERIOD 1981 TO 2010
CLIMATE RECORD PERIOD 1948 TO 2015


WEATHER ITEM   OBSERVED TIME   RECORD YEAR NORMAL DEPARTURE LAST
                VALUE   (LST)  VALUE       VALUE  FROM      YEAR
                                                  NORMAL
..................................................................
TEMPERATURE (F)
 YESTERDAY
  MAXIMUM         71    334 PM  84    1994  58     13       62
  MINIMUM         23    511 AM  18    1972  29     -6       33
  AVERAGE         47                        44      3       48

PRECIPITATION (IN)
  YESTERDAY        0.00          0.57 1967   0.02  -0.02     0.10
  MONTH TO DATE    0.56                      0.43   0.13     0.15
  SINCE OCT 1      4.38                      5.14  -0.76     4.05
  SINCE JAN 1      2.18                      2.63  -0.45     2.88

DEGREE DAYS
 HEATING
  YESTERDAY       18                        21     -3       17
  MONTH TO DATE  415                       388     27      351
  SINCE MAR 1   1117                      1236   -119     1106
  SINCE JUL 1   5793                      6756   -963     6632

 COOLING
  YESTERDAY        0                         0      0        0
  MONTH TO DATE    0                         0      0        0
  SINCE MAR 1      0                         0      0        0
  SINCE JAN 1      0                         0      0        0
..................................................................


WIND (MPH)
  RESULTANT WIND SPEED   5   RESULTANT WIND DIRECTION  NW (320)
  HIGHEST WIND SPEED    24   HIGHEST WIND DIRECTION    NW (330)
  HIGHEST GUST SPEED    29   HIGHEST GUST DIRECTION    NW (320)
  AVERAGE WIND SPEED     7.1


SKY COVER
  AVERAGE SKY COVER 0.0


WEATHER CONDITIONS
 THE FOLLOWING WEATHER WAS RECORDED YESTERDAY.
  FOG


RELATIVE HUMIDITY (PERCENT)
 HIGHEST    96           500 AM
 LOWEST     23           200 PM
 AVERAGE    60

..........................................................


THE BAKER OR CLIMATE NORMALS FOR TODAY
                         NORMAL    RECORD    YEAR
 MAXIMUM TEMPERATURE (F)   58        85      1962
 MINIMUM TEMPERATURE (F)   29        15      1977


SUNRISE AND SUNSET
APRIL 18 2015.........SUNRISE   602 AM PDT   SUNSET   740 PM PDT
APRIL 19 2015.........SUNRISE   600 AM PDT   SUNSET   741 PM PDT


-  INDICATES NEGATIVE NUMBERS.
R  INDICATES RECORD WAS SET OR TIED.
MM INDICATES DATA IS MISSING.
T  INDICATES TRACE AMOUNT.




$$
