000
CDUS41 KRLX 202122
CLIBKW


CLIMATE REPORT
NATIONAL WEATHER SERVICE CHARLESTON WV
518 PM EDT MON APR 20 2015


...................................

...THE BECKLEY WV CLIMATE SUMMARY FOR APRIL 20 2015...
VALID TODAY AS OF 0500 PM LOCAL TIME.

CLIMATE NORMAL PERIOD 1981 TO 2010
CLIMATE RECORD PERIOD 1963 TO 2015


WEATHER ITEM   OBSERVED TIME   RECORD YEAR NORMAL DEPARTURE LAST
                VALUE   (LST)  VALUE       VALUE  FROM      YEAR
                                                  NORMAL
..................................................................
TEMPERATURE (F)
 TODAY
  MAXIMUM         72    303 PM  85    1976  64      8       69
  MINIMUM         54    347 AM  18    1904  43     11       46
  AVERAGE         63                        54      9       58

PRECIPITATION (IN)
  TODAY            T             2.06 1940   0.12  -0.12     0.00
  MONTH TO DATE    5.49                      2.18   3.31     1.52
  SINCE MAR 1     11.18                      5.75   5.43     3.99
  SINCE JAN 1     17.83                     11.32   6.51     9.09

DEGREE DAYS
 HEATING
  TODAY            2                        12    -10        7
  MONTH TO DATE  166                       292   -126      229
  SINCE MAR 1    845                      1004   -159     1047
  SINCE JUL 1   5178                      5005    173     5255

 COOLING
  TODAY            0                         0      0        0
  MONTH TO DATE    3                         0      3        5
  SINCE MAR 1      3                         1      2        5
  SINCE JAN 1      3                         1      2        5
..................................................................


WIND (MPH)
  HIGHEST WIND SPEED    26   HIGHEST WIND DIRECTION    SW (210)
  HIGHEST GUST SPEED    37   HIGHEST GUST DIRECTION     W (250)
  AVERAGE WIND SPEED    13.7


SKY COVER
  POSSIBLE SUNSHINE  MM
  AVERAGE SKY COVER 0.4


WEATHER CONDITIONS
 THE FOLLOWING WEATHER WAS RECORDED TODAY.
  RAIN
  FOG


RELATIVE HUMIDITY (PERCENT)
 HIGHEST    86           200 AM
 LOWEST     37           400 PM
 AVERAGE    62

..........................................................


THE BECKLEY WV CLIMATE NORMALS FOR TOMORROW
                         NORMAL    RECORD    YEAR
 MAXIMUM TEMPERATURE (F)   65        83      1985
                                             1963
 MINIMUM TEMPERATURE (F)   43        19      1956


SUNRISE AND SUNSET
APRIL 20 2015.........SUNRISE   643 AM EDT   SUNSET   805 PM EDT
APRIL 21 2015.........SUNRISE   642 AM EDT   SUNSET   805 PM EDT


-  INDICATES NEGATIVE NUMBERS.
R  INDICATES RECORD WAS SET OR TIED.
MM INDICATES DATA IS MISSING.
T  INDICATES TRACE AMOUNT.




$$
