000
CDUS45 KBOI 270931
CLIBNO


CLIMATE REPORT
NATIONAL WEATHER SERVICE BOISE ID
331 AM MDT MON APR 27 2015


...................................

...THE BURNS OR CLIMATE SUMMARY FOR APRIL 26 2015...

CLIMATE NORMAL PERIOD 1981 TO 2010
CLIMATE RECORD PERIOD 1938 TO 2015


WEATHER ITEM   OBSERVED TIME   RECORD YEAR NORMAL DEPARTURE LAST
                VALUE   (LST)  VALUE       VALUE  FROM      YEAR
                                                  NORMAL
..................................................................
TEMPERATURE (F)
 YESTERDAY
  MAXIMUM         61    441 PM  82    1987  60      1       51
  MINIMUM         18R   508 AM  18    2008  31    -13       27
  AVERAGE         40                        46     -6       39

PRECIPITATION (IN)
  YESTERDAY        0.00          0.57 2012   0.03  -0.03     0.00
  MONTH TO DATE    0.15                      0.81  -0.66     1.08
  SINCE OCT 1      6.75                      7.61  -0.86     5.49
  SINCE JAN 1      2.25                      4.11  -1.86     4.52

DEGREE DAYS
 HEATING
  YESTERDAY       25                        19      6       26
  MONTH TO DATE  612                       579     33      552
  SINCE MAR 1   1294                      1436   -142     1336
  SINCE JUL 1   5768                      6964  -1196     6619

 COOLING
  YESTERDAY        0                         0      0        0
  MONTH TO DATE    0                         0      0        0
  SINCE MAR 1      0                         0      0        0
  SINCE JAN 1      0                         0      0        0
..................................................................


WIND (MPH)
  HIGHEST WIND SPEED    15   HIGHEST WIND DIRECTION    NW (300)
  HIGHEST GUST SPEED    21   HIGHEST GUST DIRECTION     W (260)
  AVERAGE WIND SPEED     7.6


SKY COVER
  POSSIBLE SUNSHINE  MM
  AVERAGE SKY COVER 0.3


WEATHER CONDITIONS
 THE FOLLOWING WEATHER WAS RECORDED YESTERDAY.
  NO SIGNIFICANT WEATHER WAS OBSERVED.


RELATIVE HUMIDITY (PERCENT)
 HIGHEST    92           500 AM
 LOWEST     16           400 PM
 AVERAGE    54

..........................................................


THE BURNS OR CLIMATE NORMALS FOR TODAY
                         NORMAL    RECORD    YEAR
 MAXIMUM TEMPERATURE (F)   60        84      1987
 MINIMUM TEMPERATURE (F)   31        18      1955


SUNRISE AND SUNSET
APRIL 27 2015.........SUNRISE   554 AM PDT   SUNSET   753 PM PDT
APRIL 28 2015.........SUNRISE   553 AM PDT   SUNSET   754 PM PDT


-  INDICATES NEGATIVE NUMBERS.
R  INDICATES RECORD WAS SET OR TIED.
MM INDICATES DATA IS MISSING.
T  INDICATES TRACE AMOUNT.




$$
