000
CDAK49 PABR 181039
CLIBRW

CLIMATE REPORT
NATIONAL WEATHER SERVICE BARROW, AK
239 AM AKDT SAT APR 18 2015

...................................
...THE BARROW WSO AP CLIMATE SUMMARY FOR APRIL 17 2015...

CLIMATE NORMAL PERIOD  1981 TO  2010
CLIMATE RECORD PERIOD  1915 TO  2015

WEATHER ITEM   OBSERVED TIME    RECORD YEAR NORMAL DEPARTURE LAST
               VALUE    (LST)   VALUE       VALUE  FROM      YEAR
                                                   NORMAL
...................................................................
TEMPERATURE
YESTERDAY
 MAXIMUM             4  0519 PM    35  1951     10      -6     19
 MINIMUM           -11  0542 AM   -26  2002     -4      -7      4
 AVERAGE            -4                           3      -7     12

PRECIPITATION
(INCHES)
 YESTERDAY        0.00           0.50  1926   0.00    0.00      T
 MONTH TO DATE    0.17                        0.09    0.08   0.05
 SINCE MAR 1      0.45                        0.18    0.27   0.10
 SINCE JAN 1      1.02                        0.45    0.57   0.47

SNOWFALL
(INCHES)
 YESTERDAY         0.0            2.7  1963    0.1    -0.1      T
 MONTH TO DATE     4.0                         1.8     2.2    1.2
 SINCE MAR 1       7.4                         3.9     3.5    3.0
 SINCE JUL 1      50.5                        32.9    17.6   45.6
 SNOW DEPTH (IN)     7                                          7

DEGREE DAYS
 HEATING
  YESTERDAY         69                          62       7     53
  MONTH TO DATE   1121                        1149     -28   1135
  SINCE MAR 1     3461                        3553     -92   3288
  SINCE JUL 1    15604                       16401    -797  15011

 COOLING
  YESTERDAY          0                           0       0      0
  MONTH TO DATE      0                           0       0      0
  SINCE MAR 1        0                           0       0      0
  SINCE JAN 1        0                           0       0      0
...................................................................

WIND (MPH)
 HIGHEST WIND SPEED    14     HIGHEST WIND DIRECTION     50
 HIGHEST GUST SPEED    17     HIGHEST GUST DIRECTION     50
 AVERAGE WIND SPEED   9.9

WEATHER CONDITIONS
 THE FOLLOWING WEATHER WAS RECORDED YESTERDAY.
  SMOKE OR HAZE
FOG

RELATIVE HUMIDITY
 HIGHEST RH     91 PERCENT  AT  253 AM AST
 LOWEST  RH     72 PERCENT  AT 1253 PM AST
 AVERAGE RH     79 PERCENT
...................................................................

THE BARROW CLIMATE NORMALS FOR TODAY
                           NORMAL    RECORD   YEAR
 MAXIMUM TEMPERATURE (F)     10        32     1988
 MINIMUM TEMPERATURE (F)     -3       -27     1997

SUNRISE AND SUNSET
 APR 18 2015..........SUNRISE  5:56 AM      SUNSET 11:02 PM
 APR 19 2015..........SUNRISE  5:51 AM      SUNSET 11:07 PM

-  INDICATES NEGATIVE NUMBERS.
R  INDICATES RECORD HAS BEEN SET OR TIED.
MM INDICATES DATA IS MISSING.
T  INDICATES TRACE OF PRECIPITATION.

&&
-------------------------------------------------------------------

AMOUNT OF DAYLIGHT TODAY  (HOUR:MIN)........17 HOURS 6 MINUTES
GAIN/LOSS SINCE YESTERDAY (HOUR:MIN:SEC)....+0:10:48

$$
RFL APR 15
