000
CDUS41 KLWX 192131
CLIBWI


CLIMATE REPORT
NATIONAL WEATHER SERVICE BALTIMORE MD/WASHINGTON DC
531 PM EDT SUN APR 19 2015


...................................

...THE BALTIMORE MD CLIMATE SUMMARY FOR APRIL 19 2015...
VALID TODAY AS OF 0500 PM LOCAL TIME.

CLIMATE NORMAL PERIOD 1981 TO 2010
CLIMATE RECORD PERIOD 1870 TO 2015


WEATHER ITEM   OBSERVED TIME   RECORD YEAR NORMAL DEPARTURE LAST
                VALUE   (LST)  VALUE       VALUE  FROM      YEAR
                                                  NORMAL
..................................................................
TEMPERATURE (F)
 TODAY
  MAXIMUM         66    118 AM  93    1896  66      0       68
  MINIMUM         57    606 AM  24    1875  44     13       39
  AVERAGE         62                        55      7       54

PRECIPITATION (IN)
  TODAY            0.00          1.46 1943   0.10  -0.10     0.00
  MONTH TO DATE    2.18                      2.05   0.13     3.09
  SINCE MAR 1      6.85                      5.95   0.90     7.47
  SINCE JAN 1     12.98                     11.90   1.08    14.76

SNOWFALL (IN)
  TODAY            0.0           T    1983   0.0    0.0
                                      1926
                                      1921
  MONTH TO DATE    0.0                       0.0    0.0
  SINCE JUL 1     28.7                      20.1    8.6
  SNOW DEPTH       0

DEGREE DAYS
 HEATING
  TODAY            3                        11     -8       11
  MONTH TO DATE  188                       255    -67      241
  SINCE MAR 1    965                       921     44     1054
  SINCE JUL 1   4780                      4516    264     4811

 COOLING
  TODAY            0                         1     -1        0
  MONTH TO DATE    4                         1      3        7
  SINCE MAR 1      4                         2      2        7
  SINCE JAN 1      4                         2      2        7
..................................................................


WIND (MPH)
  HIGHEST WIND SPEED    23   HIGHEST WIND DIRECTION     E (80)
  HIGHEST GUST SPEED    28   HIGHEST GUST DIRECTION     E (110)
  AVERAGE WIND SPEED    13.5


SKY COVER
  POSSIBLE SUNSHINE  MM
  AVERAGE SKY COVER 0.8


WEATHER CONDITIONS
 THE FOLLOWING WEATHER WAS RECORDED TODAY.
  NO SIGNIFICANT WEATHER WAS OBSERVED.


RELATIVE HUMIDITY (PERCENT)
 HIGHEST    52          1200 AM
 LOWEST     36           300 AM
 AVERAGE    44

..........................................................


THE BALTIMORE MD CLIMATE NORMALS FOR TOMORROW
                         NORMAL    RECORD    YEAR
 MAXIMUM TEMPERATURE (F)   66        94      1941
 MINIMUM TEMPERATURE (F)   44        27      1904


SUNRISE AND SUNSET
APRIL 19 2015.........SUNRISE   624 AM EDT   SUNSET   748 PM EDT
APRIL 20 2015.........SUNRISE   623 AM EDT   SUNSET   749 PM EDT


-  INDICATES NEGATIVE NUMBERS.
R  INDICATES RECORD WAS SET OR TIED.
MM INDICATES DATA IS MISSING.
T  INDICATES TRACE AMOUNT.




$$
