000
CDUS45 KABQ 060902
CLICAO


CLIMATE REPORT
NATIONAL WEATHER SERVICE ALBUQUERQUE NM
301 AM MDT WED MAY 6 2015


...................................

...THE CLAYTON  NM CLIMATE SUMMARY FOR MAY 5 2015...

CLIMATE NORMAL PERIOD 1981 TO 2010
CLIMATE RECORD PERIOD 1896 TO 2015


WEATHER ITEM   OBSERVED TIME   RECORD YEAR NORMAL DEPARTURE
                VALUE   (LST)  VALUE       VALUE  FROM
                                                  NORMAL
...............................................................
TEMPERATURE (F)
 YESTERDAY
  MAXIMUM         64    401 PM  93    1934  73     -9
  MINIMUM         48   1031 PM  27    1917  44      4
  AVERAGE         56                        58     -2

PRECIPITATION (IN)
  YESTERDAY        0.35          0.98 1949   0.05   0.30
  MONTH TO DATE    0.88                      0.22   0.66
  SINCE MAR 1      2.58                      2.11   0.47
  SINCE JAN 1      5.60                      2.73   2.87

SNOWFALL (IN)
  YESTERDAY        0.0
  MONTH TO DATE    0.0
  SINCE MAR 1      0.9
  SINCE JUL 1     26.1

DEGREE DAYS
 HEATING
  YESTERDAY        9                         7      2
  MONTH TO DATE   15                        39    -24
  SINCE MAR 1    834                      1068   -234
  SINCE JUL 1   4277                      4745   -468

 COOLING
  YESTERDAY        0                         1     -1
  MONTH TO DATE    3                         4     -1
  SINCE MAR 1      3                        10     -7
  SINCE JAN 1      3                        10     -7
...............................................................


WIND (MPH)
  HIGHEST WIND SPEED    29   HIGHEST WIND DIRECTION    SW (210)
  HIGHEST GUST SPEED    35   HIGHEST GUST DIRECTION     S (190)
  AVERAGE WIND SPEED     9.3


SKY COVER
  AVERAGE SKY COVER 0.7


WEATHER CONDITIONS
 THE FOLLOWING WEATHER WAS RECORDED YESTERDAY.
  THUNDERSTORM
  RAIN
  LIGHT RAIN
  FOG


RELATIVE HUMIDITY (PERCENT)
 HIGHEST    93          1200 AM
 LOWEST     67           400 PM
 AVERAGE    80

..........................................................


THE CLAYTON  NM CLIMATE NORMALS FOR TODAY
                         NORMAL    RECORD    YEAR
 MAXIMUM TEMPERATURE (F)   73        92      1916
 MINIMUM TEMPERATURE (F)   44        27      1917
                                             1915


SUNRISE AND SUNSET
MAY  6 2015...........SUNRISE   554 AM MDT   SUNSET   745 PM MDT
MAY  7 2015...........SUNRISE   553 AM MDT   SUNSET   746 PM MDT


-  INDICATES NEGATIVE NUMBERS.
R  INDICATES RECORD WAS SET OR TIED.
MM INDICATES DATA IS MISSING.
T  INDICATES TRACE AMOUNT.




$$
