000
CDUS45 KSLC 270150
CLICDC


CLIMATE REPORT
NATIONAL WEATHER SERVICE SALT LAKE CITY UT
750 PM MDT SUN APR 26 2015


...................................

...THE CEDAR CITY UT CLIMATE SUMMARY FOR APRIL 26 2015...
VALID TODAY AS OF 0500 PM LOCAL TIME.

CLIMATE NORMAL PERIOD 1981 TO 2010
CLIMATE RECORD PERIOD 1928 TO 2015


WEATHER ITEM   OBSERVED TIME   RECORD YEAR NORMAL DEPARTURE LAST
                VALUE   (LST)  VALUE       VALUE  FROM      YEAR
                                                  NORMAL
..................................................................
TEMPERATURE (F)
 TODAY
  MAXIMUM         52    145 PM  80    2000  65    -13       47
  MINIMUM         35    608 AM  20    1984  34      1       32
  AVERAGE         44                        50     -6       40

PRECIPITATION (IN)
  TODAY            0.04          0.69 2014   0.03   0.01     0.69
  MONTH TO DATE    0.64                      0.94  -0.30     0.69
  SINCE OCT 1      5.82                      7.26  -1.44     3.99
  SINCE JAN 1      3.69                      4.15  -0.46     2.05

DEGREE DAYS
 HEATING
  TODAY           21                        15      6       25
  MONTH TO DATE  482                       494    -12      415
  SINCE MAR 1   1123                      1266   -143     1145
  SINCE JUL 1   4961                      5828   -867     5732

 COOLING
  TODAY            0                         0      0        0
  MONTH TO DATE    0                         0      0        0
  SINCE MAR 1      0                         0      0        0
  SINCE JAN 1      0                         0      0        0
..................................................................


WIND (MPH)
  RESULTANT WIND SPEED   9   RESULTANT WIND DIRECTION   N (20)
  HIGHEST WIND SPEED    21   HIGHEST WIND DIRECTION    NE (40)
  HIGHEST GUST SPEED    30   HIGHEST GUST DIRECTION    NE (30)
  AVERAGE WIND SPEED     9.8



WEATHER CONDITIONS
 THE FOLLOWING WEATHER WAS RECORDED TODAY.
  LIGHT RAIN
  FOG


RELATIVE HUMIDITY (PERCENT)
 HIGHEST   100           400 AM
 LOWEST     38           200 PM
 AVERAGE    69

..........................................................


THE CEDAR CITY UT CLIMATE NORMALS FOR TOMORROW
                         NORMAL    RECORD    YEAR
 MAXIMUM TEMPERATURE (F)   65        83      2000
 MINIMUM TEMPERATURE (F)   35        20      2011
                                             2008
                                             1984


SUNRISE AND SUNSET
APRIL 26 2015.........SUNRISE   643 AM MDT   SUNSET   818 PM MDT
APRIL 27 2015.........SUNRISE   642 AM MDT   SUNSET   819 PM MDT


-  INDICATES NEGATIVE NUMBERS.
R  INDICATES RECORD WAS SET OR TIED.
MM INDICATES DATA IS MISSING.
T  INDICATES TRACE AMOUNT.




$$
