000
CDUS44 KLUB 032227
CLICDS


CLIMATE REPORT
NATIONAL WEATHER SERVICE LUBBOCK, TX
526 PM CDT SUN MAY 3 2015


...................................

...THE CHILDRESS CLIMATE SUMMARY FOR MAY 3 2015...
VALID TODAY AS OF 0500 PM LOCAL TIME.

CLIMATE NORMAL PERIOD 1981 TO 2010
CLIMATE RECORD PERIOD 1893 TO 2015


WEATHER ITEM   OBSERVED TIME   RECORD YEAR NORMAL DEPARTURE LAST
                VALUE   (LST)  VALUE       VALUE  FROM      YEAR
                                                  NORMAL
..................................................................
TEMPERATURE (F)
 TODAY
  MAXIMUM         85    356 PM 103    1996  81      4       95
  MINIMUM         58    550 AM  32    2013  54      4       48
  AVERAGE         72                        68      4       72

PRECIPITATION (IN)
  TODAY            0.00          3.00 1941   0.08  -0.08     0.00
  MONTH TO DATE    0.00                      0.24  -0.24     0.00
  SINCE MAR 1      5.22                      3.89   1.33     1.99
  SINCE JAN 1      6.39                      5.67   0.72     2.35

SNOWFALL (IN)
  TODAY            0.0          MM      MM   0.0    0.0      0.0
  MONTH TO DATE    0.0                       0.0    0.0      0.0
  SINCE MAR 1      0.0                       0.6   -0.6       T
  SINCE JUL 1      2.0                       7.0   -5.0      9.5
  SNOW DEPTH       0

DEGREE DAYS
 HEATING
  TODAY            0                         2     -2        0
  MONTH TO DATE    0                         6     -6       14
  SINCE MAR 1    434                       534   -100      624
  SINCE JUL 1   2931                      3094   -163     3440

 COOLING
  TODAY            7                         4      3        7
  MONTH TO DATE   13                        12      1        7
  SINCE MAR 1    109                       102      7      101
  SINCE JAN 1    109                       103      6      101
..................................................................


WIND (MPH)
  RESULTANT WIND SPEED  16   RESULTANT WIND DIRECTION   S (190)
  HIGHEST WIND SPEED    28   HIGHEST WIND DIRECTION     S (170)
  HIGHEST GUST SPEED    36   HIGHEST GUST DIRECTION     S (190)
  AVERAGE WIND SPEED    16.2


SKY COVER
  AVERAGE SKY COVER 0.0


WEATHER CONDITIONS
 THE FOLLOWING WEATHER WAS RECORDED TODAY.
  NO SIGNIFICANT WEATHER WAS OBSERVED.


RELATIVE HUMIDITY (PERCENT)
 HIGHEST    80           500 AM
 LOWEST     32           200 PM
 AVERAGE    56

..........................................................


THE CHILDRESS CLIMATE NORMALS FOR TOMORROW
                         NORMAL    RECORD    YEAR
 MAXIMUM TEMPERATURE (F)   81       105      2012
 MINIMUM TEMPERATURE (F)   55        27      1907


SUNRISE AND SUNSET
MAY  3 2015...........SUNRISE   649 AM CDT   SUNSET   827 PM CDT
MAY  4 2015...........SUNRISE   648 AM CDT   SUNSET   828 PM CDT


-  INDICATES NEGATIVE NUMBERS.
R  INDICATES RECORD WAS SET OR TIED.
MM INDICATES DATA IS MISSING.
T  INDICATES TRACE AMOUNT.




$$
