000
CDUS44 KMRX 060822
CLICHA

CLIMATE REPORT
NATIONAL WEATHER SERVICE MORRISTOWN TN
421 AM EDT WED MAY 6 2015


...................................

...THE CHATTANOOGA CLIMATE SUMMARY FOR MAY 5 2015...

CLIMATE NORMAL PERIOD 1981 TO 2010
CLIMATE RECORD PERIOD 1879 TO 2015


WEATHER ITEM   OBSERVED TIME   RECORD YEAR NORMAL DEPARTURE LAST
                VALUE   (LST)  VALUE       VALUE  FROM      YEAR
                                                  NORMAL
..................................................................
TEMPERATURE (F)
 YESTERDAY
  MAXIMUM         84    249 PM  92    2012  77      7       87
                                      1952
                                      1949
  MINIMUM         55    617 AM  38    1957  54      1       55
  AVERAGE         70                        66      4       71

PRECIPITATION (IN)
  YESTERDAY        0.00          2.45 2003   0.14  -0.14     0.00
  MONTH TO DATE    0.00                      0.71  -0.71     0.00
  SINCE MAR 1     13.48                      9.68   3.80     7.85
  SINCE JAN 1     20.47                     19.43   1.04    15.44

SNOWFALL (IN)
  YESTERDAY        0.0                       0.0    0.0      0.0
  MONTH TO DATE    0.0                       0.0    0.0      0.0
  SINCE MAR 1      0.0                       1.3   -1.3       T
  SINCE JUL 1      9.5                       3.9    5.6      8.4
  SNOW DEPTH       0

DEGREE DAYS
 HEATING
  YESTERDAY        0                         2     -2        0
  MONTH TO DATE   10                        12     -2       13
  SINCE MAR 1    425                       590   -165      568
  SINCE JUL 1   3258                      3212     46     3362

 COOLING
  YESTERDAY        5                         3      2        6
  MONTH TO DATE    8                        13     -5       10
  SINCE MAR 1     55                        59     -4       48
  SINCE JAN 1     55                        59     -4       48
..................................................................


WIND (MPH)
  HIGHEST WIND SPEED    10   HIGHEST WIND DIRECTION     N (10)
  HIGHEST GUST SPEED    15   HIGHEST GUST DIRECTION    NW (300)
  AVERAGE WIND SPEED     2.2


SKY COVER
  POSSIBLE SUNSHINE  MM
  AVERAGE SKY COVER  MM


WEATHER CONDITIONS
 THE FOLLOWING WEATHER WAS RECORDED YESTERDAY.
  NO SIGNIFICANT WEATHER WAS OBSERVED.


RELATIVE HUMIDITY (PERCENT)
 HIGHEST    93           600 AM
 LOWEST     36           400 PM
 AVERAGE    65

..........................................................


THE CHATTANOOGA CLIMATE NORMALS FOR TODAY
                         NORMAL    RECORD    YEAR
 MAXIMUM TEMPERATURE (F)   78        94      1952
 MINIMUM TEMPERATURE (F)   54        36      1968


SUNRISE AND SUNSET
MAY  6 2015...........SUNRISE   645 AM EDT   SUNSET   830 PM EDT
MAY  7 2015...........SUNRISE   644 AM EDT   SUNSET   831 PM EDT


-  INDICATES NEGATIVE NUMBERS.
R  INDICATES RECORD WAS SET OR TIED.
MM INDICATES DATA IS MISSING.
T  INDICATES TRACE AMOUNT.




$$
