000
CDUS42 KCHS 210519
CLICHS


CLIMATE REPORT
NATIONAL WEATHER SERVICE CHARLESTON SC
119 AM EDT TUE APR 21 2015


...................................

...THE NORTH CHARLESTON SC CLIMATE SUMMARY FOR APRIL 20 2015...

CLIMATE NORMAL PERIOD 1981 TO 2010
CLIMATE RECORD PERIOD 1938 TO 2015


WEATHER ITEM   OBSERVED TIME   RECORD YEAR NORMAL DEPARTURE LAST
                VALUE   (LST)  VALUE       VALUE  FROM      YEAR
                                                  NORMAL
..................................................................
TEMPERATURE (F)
 YESTERDAY
  MAXIMUM         77   1144 AM  95    2002  77      0       69
  MINIMUM         63    106 AM  31    1983  54      9       53
  AVERAGE         70                        66      4       61

PRECIPITATION (IN)
  YESTERDAY        0.00          1.68 1966   0.09  -0.09     0.23
  MONTH TO DATE    1.99                      1.95   0.04     4.88
  SINCE MAR 1      4.25                      5.66  -1.41     9.81
  SINCE JAN 1     12.18                     12.33  -0.15    14.66

SNOWFALL (IN)
  YESTERDAY        0.0                       0.0    0.0
  SINCE MAR 1      0.0                       0.0    0.0
  SINCE JUL 1      T                         0.5   -0.5

DEGREE DAYS
 HEATING
  YESTERDAY        0                         2     -2        4
  MONTH TO DATE   14                        72    -58       38
  SINCE MAR 1    197                       311   -114      352
  SINCE JUL 1   1934                      1947    -13     1875

 COOLING
  YESTERDAY        5                         3      2        0
  MONTH TO DATE  103                        46     57       63
  SINCE MAR 1    136                        73     63       72
  SINCE JAN 1    140                        80     60       82
..................................................................


WIND (MPH)
  HIGHEST WIND SPEED    18   HIGHEST WIND DIRECTION    SW (240)
  HIGHEST GUST SPEED    22   HIGHEST GUST DIRECTION    SW (240)
  AVERAGE WIND SPEED     9.1


SKY COVER
  POSSIBLE SUNSHINE  MM
  AVERAGE SKY COVER 0.7


WEATHER CONDITIONS
 THE FOLLOWING WEATHER WAS RECORDED YESTERDAY.
  FOG


RELATIVE HUMIDITY (PERCENT)
 HIGHEST   100           500 AM
 LOWEST     64           100 PM
 AVERAGE    82

..........................................................


THE NORTH CHARLESTON SC CLIMATE NORMALS FOR TODAY
                         NORMAL    RECORD    YEAR
 MAXIMUM TEMPERATURE (F)   78        94      2002
 MINIMUM TEMPERATURE (F)   55        34      1953


SUNRISE AND SUNSET
APRIL 21 2015.........SUNRISE   644 AM EDT   SUNSET   755 PM EDT
APRIL 22 2015.........SUNRISE   643 AM EDT   SUNSET   755 PM EDT


-  INDICATES NEGATIVE NUMBERS.
R  INDICATES RECORD WAS SET OR TIED.
MM INDICATES DATA IS MISSING.
T  INDICATES TRACE AMOUNT.




$$
