000
CDUS41 KCLE 050532
CLICLE


CLIMATE REPORT
NATIONAL WEATHER SERVICE CLEVELAND OH
131 AM EDT TUE MAY 5 2015


...................................

...THE CLEVELAND OH CLIMATE SUMMARY FOR MAY 4 2015...

CLIMATE NORMAL PERIOD 1981 TO 2010
CLIMATE RECORD PERIOD 1871 TO 2015


WEATHER ITEM   OBSERVED TIME   RECORD YEAR NORMAL DEPARTURE LAST
                VALUE   (LST)  VALUE       VALUE  FROM      YEAR
                                                  NORMAL
..................................................................
TEMPERATURE (F)
 YESTERDAY
  MAXIMUM         81   1223 PM  88    1949  66     15       63
  MINIMUM         59   1159 PM  28    1971  46     13       41
                                      1961
  AVERAGE         70                        56     14       52

PRECIPITATION (IN)
  YESTERDAY        0.04                      0.12  -0.08      T
  MONTH TO DATE    0.04                      0.45  -0.41     0.04
  SINCE MAR 1      4.78                      6.87  -2.09     7.20
  SINCE JAN 1      9.58                     11.93  -2.35    12.23

SNOWFALL (IN)
  YESTERDAY        0.0                       0.0    0.0      0.0
  MONTH TO DATE    0.0                       0.1   -0.1      0.0
  SINCE MAR 1      5.7                      16.0  -10.3     16.4
  SINCE JUL 1     67.1                      68.2   -1.1     86.1
  SNOW DEPTH       0

DEGREE DAYS
 HEATING
  YESTERDAY        0                        10    -10       13
  MONTH TO DATE   22                        40    -18       45
  SINCE MAR 1   1427                      1334     93     1479
  SINCE JUL 1   6377                      5551    826     6160

 COOLING
  YESTERDAY        5                         1      4        0
  MONTH TO DATE    5                         4      1        0
  SINCE MAR 1      6                        15     -9        7
  SINCE JAN 1      6                        15     -9        7
..................................................................


WIND (MPH)
  HIGHEST WIND SPEED    28   HIGHEST WIND DIRECTION     W (280)
  HIGHEST GUST SPEED    35   HIGHEST GUST DIRECTION    SW (240)
  AVERAGE WIND SPEED    10.5


SKY COVER
  POSSIBLE SUNSHINE  MM
  AVERAGE SKY COVER 0.7


WEATHER CONDITIONS
 THE FOLLOWING WEATHER WAS RECORDED YESTERDAY.
  LIGHT RAIN


RELATIVE HUMIDITY (PERCENT)
 HIGHEST    84          1000 PM
 LOWEST     36          1100 AM
 AVERAGE    60

..........................................................


THE CLEVELAND OH CLIMATE NORMALS FOR TODAY
                         NORMAL    RECORD    YEAR
 MAXIMUM TEMPERATURE (F)   66        89      1949
 MINIMUM TEMPERATURE (F)   47        30      1968


SUNRISE AND SUNSET
MAY  5 2015...........SUNRISE   620 AM EDT   SUNSET   829 PM EDT
MAY  6 2015...........SUNRISE   619 AM EDT   SUNSET   830 PM EDT


-  INDICATES NEGATIVE NUMBERS.
R  INDICATES RECORD WAS SET OR TIED.
MM INDICATES DATA IS MISSING.
T  INDICATES TRACE AMOUNT.




$$
