000
CDUS44 KHGX 250734
CLICLL


CLIMATE REPORT
NATIONAL WEATHER SERVICE HOUSTON/GALVESTON TX
234 AM CDT SAT APR 25 2015


...................................

...THE COLLEGE STATION CLIMATE SUMMARY FOR APRIL 24 2015...

CLIMATE NORMAL PERIOD 1981 TO 2010
CLIMATE RECORD PERIOD 1902 TO 2015


WEATHER ITEM   OBSERVED TIME   RECORD YEAR NORMAL DEPARTURE LAST
                VALUE   (LST)  VALUE       VALUE  FROM      YEAR
                                                  NORMAL
..................................................................
TEMPERATURE (F)
 YESTERDAY
  MAXIMUM         85    431 PM  93    2011  81      4       84
  MINIMUM         68    803 AM  44    2005  60      8       67
  AVERAGE         77                        71      6       76

PRECIPITATION (IN)
  YESTERDAY        1.11          3.62 1990   0.10   1.01     0.00
  MONTH TO DATE    3.47                      2.00   1.47     1.23
  SINCE MAR 1      9.30                      5.17   4.13     2.84
  SINCE JAN 1     16.71                     11.26   5.45     5.02

SNOWFALL (IN)
  YESTERDAY        0.0
  MONTH TO DATE    0.0
  SINCE JUL 1      T

DEGREE DAYS
 HEATING
  YESTERDAY        0                         1     -1        0
  MONTH TO DATE    9                        44    -35       59
  SINCE MAR 1    220                       216      4      328
  SINCE JUL 1   1761                      1603    158     2052

 COOLING
  YESTERDAY       12                         6      6       11
  MONTH TO DATE  157                       110     47      110
  SINCE MAR 1    203                       169     34      133
  SINCE JAN 1    204                       197      7      154
..................................................................


WIND (MPH)
  HIGHEST WIND SPEED    26   HIGHEST WIND DIRECTION     W (250)
  HIGHEST GUST SPEED    36   HIGHEST GUST DIRECTION     W (250)
  AVERAGE WIND SPEED     9.2


SKY COVER
  AVERAGE SKY COVER 0.5


WEATHER CONDITIONS
 THE FOLLOWING WEATHER WAS RECORDED YESTERDAY.
  THUNDERSTORM
  HEAVY RAIN
  RAIN
  LIGHT RAIN
  FOG
  HAZE


RELATIVE HUMIDITY (PERCENT)
 HIGHEST    93           200 AM
 LOWEST     69           500 PM
 AVERAGE    81

..........................................................


THE COLLEGE STATION CLIMATE NORMALS FOR TODAY
                         NORMAL    RECORD    YEAR
 MAXIMUM TEMPERATURE (F)   81        92      1925
 MINIMUM TEMPERATURE (F)   61        37      1910


SUNRISE AND SUNSET
APRIL 25 2015.........SUNRISE   648 AM CDT   SUNSET   800 PM CDT
APRIL 26 2015.........SUNRISE   647 AM CDT   SUNSET   800 PM CDT


-  INDICATES NEGATIVE NUMBERS.
R  INDICATES RECORD WAS SET OR TIED.
MM INDICATES DATA IS MISSING.
T  INDICATES TRACE AMOUNT.




$$
