000
CDUS41 KILN 180537
CLICMH


CLIMATE REPORT
NATIONAL WEATHER SERVICE WILMINGTON OH
137 AM EDT SAT APR 18 2015


...................................

...THE COLUMBUS OH CLIMATE SUMMARY FOR APRIL 17 2015...

CLIMATE NORMAL PERIOD 1981 TO 2010
CLIMATE RECORD PERIOD 1869 TO 2015


WEATHER ITEM   OBSERVED TIME   RECORD YEAR NORMAL DEPARTURE LAST
                VALUE   (LST)  VALUE       VALUE  FROM      YEAR
                                                  NORMAL
..................................................................
TEMPERATURE (F)
 YESTERDAY
  MAXIMUM         74    457 PM  88    1896  64     10       68
  MINIMUM         55   1111 PM  25    1962  43     12       39
  AVERAGE         65                        54     11       54

PRECIPITATION (IN)
  YESTERDAY        0.00          0.94 1924   0.12  -0.12     0.00
  MONTH TO DATE    2.69                      1.92   0.77     2.68
  SINCE MAR 1      6.61                      4.94   1.67     5.27
  SINCE JAN 1     11.18                      9.92   1.26    10.06

SNOWFALL (IN)
  YESTERDAY        0.0           1.0  1961   0.0    0.0      0.0
  MONTH TO DATE    0.0                       0.9   -0.9      0.9
  SINCE MAR 1      5.4                       5.1    0.3      5.4
  SINCE JUL 1     33.4                      26.5    6.9     56.4
  SNOW DEPTH       0

DEGREE DAYS
 HEATING
  YESTERDAY        0                        12    -12       11
  MONTH TO DATE  162                       246    -84      204
  SINCE MAR 1    996                       962     34     1041
  SINCE JUL 1   5550                      4957    593     5425

 COOLING
  YESTERDAY        0                         0      0        0
  MONTH TO DATE    0                         0      0        6
  SINCE MAR 1      0                         0      0        6
  SINCE JAN 1      0                         0      0        6
..................................................................


WIND (MPH)
  RESULTANT WIND SPEED   3   RESULTANT WIND DIRECTION  NW (320)
  HIGHEST WIND SPEED    13   HIGHEST WIND DIRECTION     N (350)
  HIGHEST GUST SPEED    16   HIGHEST GUST DIRECTION    NW (300)
  AVERAGE WIND SPEED     4.4


SKY COVER
  POSSIBLE SUNSHINE  MM
  AVERAGE SKY COVER 0.7


WEATHER CONDITIONS
 THE FOLLOWING WEATHER WAS RECORDED YESTERDAY.
  FOG
  HAZE


RELATIVE HUMIDITY (PERCENT)
 HIGHEST   100           600 AM
 LOWEST     33           400 PM
 AVERAGE    67

..........................................................


THE COLUMBUS OH CLIMATE NORMALS FOR TODAY
                         NORMAL    RECORD    YEAR
 MAXIMUM TEMPERATURE (F)   65        89      1896
 MINIMUM TEMPERATURE (F)   43        22      1953


SUNRISE AND SUNSET
APRIL 18 2015.........SUNRISE   650 AM EDT   SUNSET   813 PM EDT
APRIL 19 2015.........SUNRISE   648 AM EDT   SUNSET   814 PM EDT


-  INDICATES NEGATIVE NUMBERS.
R  INDICATES RECORD WAS SET OR TIED.
MM INDICATES DATA IS MISSING.
T  INDICATES TRACE AMOUNT.




$$
