000
CDUS46 KLOX 070114
CLICQT


CLIMATE REPORT
NATIONAL WEATHER SERVICE LOS ANGELES/OXNARD CA
614 PM PDT WED MAY 6 2015


...................................

...THE DOWNTOWN LOS ANGELES (USC) CA CLIMATE SUMMARY FOR MAY 6 2015...
VALID TODAY AS OF 0600 PM LOCAL TIME.

CLIMATE NORMAL PERIOD 1981 TO 2010
CLIMATE RECORD PERIOD 1877 TO 2015


WEATHER ITEM   OBSERVED TIME   RECORD YEAR NORMAL DEPARTURE LAST
                VALUE   (LST)  VALUE       VALUE  FROM      YEAR
                                                  NORMAL
..................................................................
TEMPERATURE (F)
 TODAY
  MAXIMUM         67    317 PM  97    1990  74     -7       68
  MINIMUM         58    250 AM  43    1892  56      2       56
  AVERAGE         63                        65     -2       62

PRECIPITATION (IN)
  TODAY            0.00          1.53 1883   0.02  -0.02     0.00
  MONTH TO DATE    0.00                      0.09  -0.09     0.00
  SINCE OCT 1      7.53                     14.38  -6.85     5.99
  SINCE JAN 1      2.92                     10.35  -7.43     5.11

SNOWFALL (IN)
  TODAY            0.0
  MONTH TO DATE    0.0
  SINCE MAR 1      0.0
  SINCE JUL 1      0.0

DEGREE DAYS
 HEATING
  TODAY            2                         2      0        3
  MONTH TO DATE    6                        12     -6        3
  SINCE MAR 1     72                       270   -198      118
  SINCE JUL 1    435                      1045   -610      595

 COOLING
  TODAY            0                         2     -2        0
  MONTH TO DATE   12                        12      0       43
  SINCE MAR 1    220                        76    144      129
  SINCE JAN 1    277                        99    178      152
..................................................................


WIND (MPH)
  HIGHEST WIND SPEED     9   HIGHEST WIND DIRECTION     W (280)
  HIGHEST GUST SPEED    16   HIGHEST GUST DIRECTION     W (280)
  AVERAGE WIND SPEED     1.5


SKY COVER
  POSSIBLE SUNSHINE  MM
  AVERAGE SKY COVER 0.8


WEATHER CONDITIONS
 THE FOLLOWING WEATHER WAS RECORDED TODAY.
  HAZE


RELATIVE HUMIDITY (PERCENT)
 HIGHEST    80           300 AM
 LOWEST     52           400 PM
 AVERAGE    66

..........................................................


THE DOWNTOWN LOS ANGELES (USC) CA CLIMATE NORMALS FOR TOMORROW
                         NORMAL    RECORD    YEAR
 MAXIMUM TEMPERATURE (F)   74        97      1941
 MINIMUM TEMPERATURE (F)   56        42      1892


SUNRISE AND SUNSET
MAY  6 2015...........SUNRISE   559 AM PDT   SUNSET   741 PM PDT
MAY  7 2015...........SUNRISE   558 AM PDT   SUNSET   741 PM PDT


-  INDICATES NEGATIVE NUMBERS.
R  INDICATES RECORD WAS SET OR TIED.
MM INDICATES DATA IS MISSING.
T  INDICATES TRACE AMOUNT.




$$
