000
CDUS41 KILN 210616
CLICVG


CLIMATE REPORT
NATIONAL WEATHER SERVICE WILMINGTON OH
215 AM EDT TUE APR 21 2015


...................................

...THE CINCINNATI OH CLIMATE SUMMARY FOR APRIL 20 2015...

CLIMATE NORMAL PERIOD 1981 TO 2010
CLIMATE RECORD PERIOD 1869 TO 2015


WEATHER ITEM   OBSERVED TIME   RECORD YEAR NORMAL DEPARTURE LAST
                VALUE   (LST)  VALUE       VALUE  FROM      YEAR
                                                  NORMAL
..................................................................
TEMPERATURE (F)
 YESTERDAY
  MAXIMUM         62   1234 AM  89    1976  66     -4       76
  MINIMUM         48   1159 PM  24    1983  45      3       45
  AVERAGE         55                        56     -1       61

PRECIPITATION (IN)
  YESTERDAY        0.02          1.51 1920   0.13  -0.11     0.00
  MONTH TO DATE    4.23                      2.53   1.70     4.84
  SINCE MAR 1     10.55                      6.49   4.06     7.25
  SINCE JAN 1     14.70                     12.30   2.40    12.79

SNOWFALL (IN)
  YESTERDAY        0.0           0.0    MM   0.0    0.0      0.0
  MONTH TO DATE    0.0                       0.5   -0.5      0.6
  SINCE MAR 1      4.9                       3.5    1.4      3.9
  SINCE JUL 1     29.9                      22.1    7.8     47.5
  SNOW DEPTH       0

DEGREE DAYS
 HEATING
  YESTERDAY       10                        10      0        4
  MONTH TO DATE  129                       258   -129      221
  SINCE MAR 1    834                       924    -90     1003
  SINCE JUL 1   5061                      4751    310     5247

 COOLING
  YESTERDAY        0                         1     -1        0
  MONTH TO DATE    5                         8     -3        7
  SINCE MAR 1      5                         8     -3        7
  SINCE JAN 1      5                         8     -3        7
..................................................................


WIND (MPH)
  RESULTANT WIND SPEED  12   RESULTANT WIND DIRECTION   W (250)
  HIGHEST WIND SPEED    32   HIGHEST WIND DIRECTION     W (280)
  HIGHEST GUST SPEED    38   HIGHEST GUST DIRECTION     W (280)
  AVERAGE WIND SPEED    13.7


SKY COVER
  POSSIBLE SUNSHINE  MM
  AVERAGE SKY COVER 0.8


WEATHER CONDITIONS
 THE FOLLOWING WEATHER WAS RECORDED YESTERDAY.
  LIGHT RAIN


RELATIVE HUMIDITY (PERCENT)
 HIGHEST    93           400 AM
 LOWEST     51           600 PM
 AVERAGE    72

..........................................................


THE CINCINNATI OH CLIMATE NORMALS FOR TODAY
                         NORMAL    RECORD    YEAR
 MAXIMUM TEMPERATURE (F)   67        86      1902
 MINIMUM TEMPERATURE (F)   46        30      1981
                                             1901


SUNRISE AND SUNSET
APRIL 21 2015.........SUNRISE   654 AM EDT   SUNSET   822 PM EDT
APRIL 22 2015.........SUNRISE   653 AM EDT   SUNSET   823 PM EDT


-  INDICATES NEGATIVE NUMBERS.
R  INDICATES RECORD WAS SET OR TIED.
MM INDICATES DATA IS MISSING.
T  INDICATES TRACE AMOUNT.




$$
