000
CDUS43 KUNR 020833
CLID07


CLIMATE REPORT
NATIONAL WEATHER SERVICE RAPID CITY SD
232 AM MDT THU APR 2 2015


...................................

...THE FAITH SD CLIMATE SUMMARY FOR APRIL 1 2015...

CLIMATE NORMAL PERIOD 1981 TO 2010
CLIMATE RECORD PERIOD 9999 TO 9999


WEATHER ITEM   OBSERVED TIME   NORMAL DEPARTURE LAST
                VALUE   (LST)  VALUE  FROM      YEAR
                                      NORMAL
......................................................
TEMPERATURE (F)
 YESTERDAY
  MAXIMUM         64    431 AM  50     14       24
  MINIMUM         34   1059 PM  27      7        3
  AVERAGE         49            39     10       14

PRECIPITATION (IN)
  YESTERDAY        0.00          0.03  -0.03     0.00
  MONTH TO DATE    0.00          0.03  -0.03     0.00
  SINCE MAR 1      0.15          1.01  -0.86     1.19
  SINCE JAN 1      0.58          1.63  -1.05     2.09

DEGREE DAYS
 HEATING
  YESTERDAY       16            26    -10       51
  MONTH TO DATE   16            26    -10       51
  SINCE MAR 1    740          1029   -289     1169
  SINCE JUL 1   6239          6717   -478     7255

 COOLING
  YESTERDAY        0             0      0        0
  MONTH TO DATE    0             0      0        0
  SINCE MAR 1      2             0      2        0
  SINCE JAN 1      2             0      2        0
......................................................


WIND (MPH)
  HIGHEST WIND SPEED    37   HIGHEST WIND DIRECTION    NW (320)
  HIGHEST GUST SPEED    45   HIGHEST GUST DIRECTION    NW (320)
  AVERAGE WIND SPEED    20.9




RELATIVE HUMIDITY (PERCENT)
 HIGHEST    50           600 AM
 LOWEST     16           500 PM
 AVERAGE    33

..........................................................




SUNRISE AND SUNSET
APRIL  2 2015.........SUNRISE   627 AM MDT   SUNSET   717 PM MDT
APRIL  3 2015.........SUNRISE   625 AM MDT   SUNSET   718 PM MDT


-  INDICATES NEGATIVE NUMBERS.
R  INDICATES RECORD WAS SET OR TIED.
MM INDICATES DATA IS MISSING.
T  INDICATES TRACE AMOUNT.




$$
