000
CDUS43 KDVN 202245
CLIDBQ


CLIMATE REPORT
NATIONAL WEATHER SERVICE QUAD CITIES IA IL
545 PM CDT MON APR 20 2015


...................................

...THE DUBUQUE IA CLIMATE SUMMARY FOR APRIL 20 2015...
VALID TODAY AS OF 0500 PM LOCAL TIME.

CLIMATE NORMAL PERIOD 1981 TO 2010
CLIMATE RECORD PERIOD 1873 TO 2015


WEATHER ITEM   OBSERVED TIME   RECORD YEAR NORMAL DEPARTURE LAST
                VALUE   (LST)  VALUE       VALUE  FROM      YEAR
                                                  NORMAL
..................................................................
TEMPERATURE (F)
 TODAY
  MAXIMUM         52   1205 AM  86    1987  61     -9       78
  MINIMUM         41   1045 AM  26    1956  40      1       50
  AVERAGE         47                        50     -3       64

PRECIPITATION (IN)
  TODAY            0.39          1.56 1893   0.12   0.27     0.00
  MONTH TO DATE    1.62                      2.34  -0.72     3.71
  SINCE MAR 1      2.42                      4.75  -2.33     4.85
  SINCE JAN 1      4.71                      7.36  -2.65     7.33

SNOWFALL (IN)
  TODAY           MM            MM      MM   0.1   MM        0.0
  MONTH TO DATE    0.0                       1.7   -1.7      0.7
  SINCE MAR 1      4.1                       8.0   -3.9     11.6
  SINCE JUL 1     33.7                      41.6   -7.9     63.3
  SNOW DEPTH       0

DEGREE DAYS
 HEATING
  TODAY           18                        15      3        1
  MONTH TO DATE  258                       377   -119      404
  SINCE MAR 1   1170                      1295   -125     1563
  SINCE JUL 1   7018                      6688    330     7939

 COOLING
  TODAY            0                         0      0        0
  MONTH TO DATE    0                         0      0        0
  SINCE MAR 1      0                         0      0        0
  SINCE JAN 1      0                         0      0        0
..................................................................


WIND (MPH)
  HIGHEST WIND SPEED    33   HIGHEST WIND DIRECTION     W (290)
  HIGHEST GUST SPEED    42   HIGHEST GUST DIRECTION    NW (310)
  AVERAGE WIND SPEED    22.6


SKY COVER
  POSSIBLE SUNSHINE  MM
  AVERAGE SKY COVER 1.0


WEATHER CONDITIONS
 THE FOLLOWING WEATHER WAS RECORDED TODAY.
  FOG


RELATIVE HUMIDITY (PERCENT)
 HIGHEST   100           500 AM
 LOWEST     62           300 PM
 AVERAGE    81

..........................................................


THE DUBUQUE IA CLIMATE NORMALS FOR TOMORROW
                         NORMAL    RECORD    YEAR
 MAXIMUM TEMPERATURE (F)   61        85      1980
                                             1902
 MINIMUM TEMPERATURE (F)   40        26      1982
                                             1904


SUNRISE AND SUNSET
APRIL 20 2015.........SUNRISE   614 AM CDT   SUNSET   750 PM CDT
APRIL 21 2015.........SUNRISE   613 AM CDT   SUNSET   751 PM CDT


-  INDICATES NEGATIVE NUMBERS.
R  INDICATES RECORD WAS SET OR TIED.
MM INDICATES DATA IS MISSING.
T  INDICATES TRACE AMOUNT.




$$
