000
CDUS43 KILX 272137
CLIDEC


CLIMATE REPORT
NATIONAL WEATHER SERVICE LINCOLN IL
436 PM CDT MON APR 27 2015


...................................

...THE DECATUR IL AIRPORT CLIMATE SUMMARY FOR APRIL 27 2015...
VALID TODAY AS OF 0400 PM LOCAL TIME.

CLIMATE NORMAL PERIOD 1981 TO 2010
CLIMATE RECORD PERIOD 9999 TO 9999


WEATHER ITEM   OBSERVED TIME   RECORD YEAR NORMAL DEPARTURE LAST
                VALUE   (LST)  VALUE       VALUE  FROM      YEAR
                                                  NORMAL
..................................................................
TEMPERATURE (F)
 TODAY
  MAXIMUM         63    259 PM  MM      MM  68     -5       77
  MINIMUM         37    509 AM  MM      MM  46     -9       52
  AVERAGE         50                        57     -7       65

PRECIPITATION (IN)
  TODAY            0.00         MM      MM   0.16  -0.16     0.26
  MONTH TO DATE    1.98                      3.16  -1.18     3.31
  SINCE MAR 1      3.59                      5.80  -2.21     4.80
  SINCE JAN 1      4.84                      9.52  -4.68     5.92

DEGREE DAYS
 HEATING
  TODAY           15                         9      6        0
  MONTH TO DATE  262                       356    -94      301
  SINCE MAR 1   1051                      1083    -32     1187
  SINCE JUL 1   5697                      5340    357     5999

 COOLING
  TODAY            0                         1     -1        0
  MONTH TO DATE    3                         5     -2        1
  SINCE MAR 1      3                         6     -3        1
  SINCE JAN 1      3                         6     -3        1
..................................................................


WIND (MPH)
  HIGHEST WIND SPEED    22   HIGHEST WIND DIRECTION    NE (30)
  HIGHEST GUST SPEED    29   HIGHEST GUST DIRECTION     N (360)
  AVERAGE WIND SPEED    12.4


SKY COVER
  POSSIBLE SUNSHINE  MM
  AVERAGE SKY COVER 0.0


WEATHER CONDITIONS
 THE FOLLOWING WEATHER WAS RECORDED TODAY.
  NO SIGNIFICANT WEATHER WAS OBSERVED.


RELATIVE HUMIDITY (PERCENT)
 HIGHEST    70          1200 AM
 LOWEST     43           100 PM
 AVERAGE    57

..........................................................


THE DECATUR IL AIRPORT CLIMATE NORMALS FOR TOMORROW
                         NORMAL    RECORD    YEAR
 MAXIMUM TEMPERATURE (F)   69        MM        MM
 MINIMUM TEMPERATURE (F)   46        MM        MM


SUNRISE AND SUNSET
APRIL 27 2015.........SUNRISE   601 AM CDT   SUNSET   746 PM CDT
APRIL 28 2015.........SUNRISE   600 AM CDT   SUNSET   747 PM CDT


-  INDICATES NEGATIVE NUMBERS.
R  INDICATES RECORD WAS SET OR TIED.
MM INDICATES DATA IS MISSING.
T  INDICATES TRACE AMOUNT.




$$
