000
CDUS44 KFWD 280651
CLIDFW


CLIMATE REPORT
NATIONAL WEATHER SERVICE FORT WORTH TX
151 AM CDT TUE APR 28 2015

...................................

...THE DALLAS FORT WORTH CLIMATE SUMMARY FOR APRIL 27 2015...

CLIMATE NORMAL PERIOD 1981 TO 2010
CLIMATE RECORD PERIOD 1898 TO 2015


WEATHER ITEM   OBSERVED TIME   RECORD YEAR NORMAL DEPARTURE LAST
                VALUE   (LST)  VALUE       VALUE  FROM      YEAR
                                                  NORMAL
..................................................................
TEMPERATURE (F)
 YESTERDAY
  MAXIMUM         73    104 AM  92    1987  79     -6       91
  MINIMUM         54   1159 PM  44    1920  58     -4       73
  AVERAGE         64                        69     -5       82

PRECIPITATION (IN)
  YESTERDAY        0.83          2.69 1914   0.13   0.70     0.08
  MONTH TO DATE    5.51                      2.68   2.83     1.74
  SINCE MAR 1      8.04                      6.17   1.87     3.19
  SINCE JAN 1     14.62                     10.96   3.66     3.93

SNOWFALL (IN)
  YESTERDAY        0.0           0.0    MM   0.0    0.0      0.0
  MONTH TO DATE    0.0                       0.0    0.0      0.0
  SINCE MAR 1      3.5                       0.2    3.3      0.1
  SINCE JUL 1      5.8                       1.2    4.6      2.9
  SNOW DEPTH       0

DEGREE DAYS
 HEATING
  YESTERDAY        1                         1      0        0
  MONTH TO DATE   42                        80    -38       94
  SINCE MAR 1    343                       341      2      415
  SINCE JUL 1   2379                      2273    106     2588

 COOLING
  YESTERDAY        0                         5     -5       17
  MONTH TO DATE   89                        84      5      134
  SINCE MAR 1    123                       116      7      156
  SINCE JAN 1    123                       123      0      156
..................................................................


WIND (MPH)
  HIGHEST WIND SPEED    31   HIGHEST WIND DIRECTION     E (100)
  HIGHEST GUST SPEED    39   HIGHEST GUST DIRECTION     E (110)
  AVERAGE WIND SPEED    13.6


SKY COVER
  POSSIBLE SUNSHINE  MM
  AVERAGE SKY COVER 0.8


WEATHER CONDITIONS
 THE FOLLOWING WEATHER WAS RECORDED YESTERDAY.
  THUNDERSTORM
  HEAVY RAIN
  RAIN
  LIGHT RAIN
  FOG


RELATIVE HUMIDITY (PERCENT)
 HIGHEST   100           600 PM
 LOWEST     49           100 AM
 AVERAGE    75

..........................................................


THE DALLAS FORT WORTH CLIMATE NORMALS FOR TODAY
                         NORMAL    RECORD    YEAR
 MAXIMUM TEMPERATURE (F)   79        93      1989
 MINIMUM TEMPERATURE (F)   59        42      1979


SUNRISE AND SUNSET
APRIL 28 2015.........SUNRISE   644 AM CDT   SUNSET   808 PM CDT
APRIL 29 2015.........SUNRISE   643 AM CDT   SUNSET   808 PM CDT


-  INDICATES NEGATIVE NUMBERS.
R  INDICATES RECORD WAS SET OR TIED.
MM INDICATES DATA IS MISSING.
T  INDICATES TRACE AMOUNT.


$$
