000
CDUS44 KTAE 250633
CLIDHN


CLIMATE REPORT
NATIONAL WEATHER SERVICE TALLAHASSEE FL
233 AM EDT SAT APR 25 2015


...................................

...THE DOTHAN CLIMATE SUMMARY FOR APRIL 24 2015...

CLIMATE NORMAL PERIOD 1981 TO 2010
CLIMATE RECORD PERIOD 1965 TO 2015


WEATHER ITEM   OBSERVED TIME   NORMAL DEPARTURE LAST
                VALUE   (LST)  VALUE  FROM      YEAR
                                      NORMAL
......................................................
TEMPERATURE (F)
 YESTERDAY
  MAXIMUM         83    151 PM  81      2       85
  MINIMUM         58    526 AM  56      2       62
  AVERAGE         71            68      3       74

PRECIPITATION (IN)
  YESTERDAY        0.00          0.08  -0.08     0.00
  MONTH TO DATE    6.65          3.05   3.60     8.42
  SINCE MAR 1     10.96          8.93   2.03    13.72
  SINCE JAN 1     17.63         18.33  -0.70    21.45

SNOWFALL (IN)
  YESTERDAY        0.0

DEGREE DAYS
 HEATING
  YESTERDAY        0             1     -1        0
  MONTH TO DATE    5            64    -59       72
  SINCE MAR 1    133           275   -142      338
  SINCE JUL 1   1820          1834    -14     2003

 COOLING
  YESTERDAY        6             4      2        9
  MONTH TO DATE  138            60     78       49
  SINCE MAR 1    217            81    136       51
  SINCE JAN 1    221            91    130       60
......................................................


WIND (MPH)
  HIGHEST WIND SPEED    13   HIGHEST WIND DIRECTION    NE (50)
  HIGHEST GUST SPEED    17   HIGHEST GUST DIRECTION     E (70)
  AVERAGE WIND SPEED     5.0








-  INDICATES NEGATIVE NUMBERS.
R  INDICATES RECORD WAS SET OR TIED.
MM INDICATES DATA IS MISSING.
T  INDICATES TRACE AMOUNT.




$$
