000
CDUS44 KAMA 192134
CLIDHT


CLIMATE REPORT
NATIONAL WEATHER SERVICE AMARILLO TX
430 PM CDT SUN APR 19 2015


...................................

...THE DALHART CLIMATE SUMMARY FOR APRIL 19 2015...
VALID TODAY AS OF 0400 PM LOCAL TIME.

CLIMATE NORMAL PERIOD 1981 TO 2010
CLIMATE RECORD PERIOD 1894 TO 2015


WEATHER ITEM   OBSERVED TIME   RECORD YEAR NORMAL DEPARTURE LAST
                VALUE   (LST)  VALUE       VALUE  FROM      YEAR
                                                  NORMAL
..................................................................
TEMPERATURE (F)
 TODAY
  MAXIMUM         60    258 PM  90    2001  70    -10       76
  MINIMUM         39    312 AM  23    2013  39      0       52
                                      1953
  AVERAGE         50                        55     -5       64

PRECIPITATION (IN)
  TODAY            0.00          1.53 1977   0.03  -0.03     0.00
  MONTH TO DATE    0.40                      0.61  -0.21     0.11
  SINCE MAR 1      0.48                      1.78  -1.30     0.20
  SINCE JAN 1      3.79                      2.70   1.09     0.29

SNOWFALL (IN)
  TODAY            0.0           0.0    MM   0.0    0.0      0.0
  MONTH TO DATE    0.0                       1.0   -1.0      1.0
  SINCE MAR 1      0.8                       5.2   -4.4      2.1
  SINCE JUL 1     34.1                      18.7   15.4     17.4
  SNOW DEPTH       0

DEGREE DAYS
 HEATING
  TODAY           15                        11      4        1
  MONTH TO DATE  159                       250    -91      247
  SINCE MAR 1    642                       861   -219      836
  SINCE JUL 1   3935                      4504   -569     4430

 COOLING
  TODAY            0                         0      0        0
  MONTH TO DATE    0                         0      0        2
  SINCE MAR 1      0                         0      0        2
  SINCE JAN 1      0                         0      0        2
..................................................................


WIND (MPH)
  RESULTANT WIND SPEED  20   RESULTANT WIND DIRECTION   N (350)
  HIGHEST WIND SPEED    43   HIGHEST WIND DIRECTION     N (360)
  HIGHEST GUST SPEED    50   HIGHEST GUST DIRECTION     N (360)
  AVERAGE WIND SPEED    21.6


SKY COVER
  AVERAGE SKY COVER 0.3


WEATHER CONDITIONS
 THE FOLLOWING WEATHER WAS RECORDED TODAY.
  NO SIGNIFICANT WEATHER WAS OBSERVED.


RELATIVE HUMIDITY (PERCENT)
 HIGHEST    70           100 AM
 LOWEST     25           300 PM
 AVERAGE    48

..........................................................


THE DALHART CLIMATE NORMALS FOR TOMORROW
                         NORMAL    RECORD    YEAR
 MAXIMUM TEMPERATURE (F)   71        90      1989
 MINIMUM TEMPERATURE (F)   39        22      1966


SUNRISE AND SUNSET
APRIL 19 2015.........SUNRISE   712 AM CDT   SUNSET   827 PM CDT
APRIL 20 2015.........SUNRISE   711 AM CDT   SUNSET   828 PM CDT


-  INDICATES NEGATIVE NUMBERS.
R  INDICATES RECORD WAS SET OR TIED.
MM INDICATES DATA IS MISSING.
T  INDICATES TRACE AMOUNT.




$$
