000
CDUS43 KBIS 020026
CLIDIK


CLIMATE REPORT
NATIONAL WEATHER SERVICE BISMARCK ND
726 PM CDT WED APR 1 2015


...................................

...THE DICKINSON ND CLIMATE SUMMARY FOR APRIL 1 2015...
VALID TODAY AS OF 0700 PM LOCAL TIME.

CLIMATE NORMAL PERIOD 1981 TO 2010
CLIMATE RECORD PERIOD 1903 TO 2015


WEATHER ITEM   OBSERVED TIME   RECORD YEAR NORMAL DEPARTURE LAST
                VALUE   (LST)  VALUE       VALUE  FROM      YEAR
                                                  NORMAL
..................................................................
TEMPERATURE (F)
 TODAY
  MAXIMUM         63    127 AM  78    2012  49     14       19
  MINIMUM         49    857 AM -10    1975  24     25       -9
  AVERAGE         56                        36     20        5

PRECIPITATION (IN)
  TODAY            0.00          0.85 1999   0.03  -0.03     0.00
  MONTH TO DATE    0.00                      0.03  -0.03     0.00
  SINCE MAR 1      0.47                      0.72  -0.25     0.50
  SINCE JAN 1      0.74                      1.35  -0.61     0.67

DEGREE DAYS
 HEATING
  TODAY            9                        29    -20       60
  MONTH TO DATE    9                        29    -20       60
  SINCE MAR 1    837                      1115   -278     1256
  SINCE JUL 1   6952                      7409   -457     7898

 COOLING
  TODAY            0                         0      0        0
  MONTH TO DATE    0                         0      0        0
  SINCE MAR 1      0                         0      0        0
  SINCE JAN 1      0                         0      0        0
..................................................................


WIND (MPH)
  RESULTANT WIND SPEED  23   RESULTANT WIND DIRECTION   W (290)
  HIGHEST WIND SPEED    37   HIGHEST WIND DIRECTION    NW (300)
  HIGHEST GUST SPEED    50   HIGHEST GUST DIRECTION    NW (300)
  AVERAGE WIND SPEED    25.7


SKY COVER
  POSSIBLE SUNSHINE  MM
  AVERAGE SKY COVER 0.2


WEATHER CONDITIONS
 THE FOLLOWING WEATHER WAS RECORDED TODAY.
  NO SIGNIFICANT WEATHER WAS OBSERVED.


RELATIVE HUMIDITY (PERCENT)
 HIGHEST    66           600 AM
 LOWEST     26           300 PM
 AVERAGE    46

..........................................................


THE DICKINSON ND CLIMATE NORMALS FOR TOMORROW
                         NORMAL    RECORD    YEAR
 MAXIMUM TEMPERATURE (F)   49        80      1921
 MINIMUM TEMPERATURE (F)   25        -8      1975


SUNRISE AND SUNSET
APRIL  1 2015.........SUNRISE   631 AM MDT   SUNSET   720 PM MDT
APRIL  2 2015.........SUNRISE   629 AM MDT   SUNSET   721 PM MDT


-  INDICATES NEGATIVE NUMBERS.
R  INDICATES RECORD WAS SET OR TIED.
MM INDICATES DATA IS MISSING.
T  INDICATES TRACE AMOUNT.




$$
