000
CDUS45 KTFX 012236
CLIDLN


CLIMATE REPORT
NATIONAL WEATHER SERVICE GREAT FALLS MT
435 PM MDT WED APR 1 2015


...................................

...THE DILLON AIRPORT MT CLIMATE SUMMARY FOR APRIL 1 2015...
VALID TODAY AS OF 0400 PM LOCAL TIME.

CLIMATE NORMAL PERIOD 1981 TO 2010
CLIMATE RECORD PERIOD 1929 TO 2015


WEATHER ITEM   OBSERVED TIME   RECORD YEAR NORMAL DEPARTURE LAST
                VALUE   (LST)  VALUE       VALUE  FROM      YEAR
                                                  NORMAL
..................................................................
TEMPERATURE (F)
 TODAY
  MAXIMUM         45    231 PM  73    1966  50     -5       49
  MINIMUM         28    542 AM -10    1936  26      2       20
  AVERAGE         37                        38     -1       35

PRECIPITATION (IN)
  TODAY            0.01          0.48 1982   0.03  -0.02     0.00
  MONTH TO DATE    0.01                      0.03  -0.02     0.00
  SINCE OCT 1      1.51                      2.51  -1.00     1.06
  SINCE JAN 1      0.35                      1.11  -0.76     0.57

SNOWFALL (IN)
  TODAY           MM
  SNOW DEPTH       0

DEGREE DAYS
 HEATING
  TODAY           28                        27      1       30
  MONTH TO DATE   28                        27      1       30
  SINCE MAR 1    749                       977   -228      954
  SINCE JUL 1   5861                      6894  -1033     6734

 COOLING
  TODAY            0                         0      0        0
  MONTH TO DATE    0                         0      0        0
  SINCE MAR 1      0                         0      0        0
  SINCE JAN 1      0                         0      0        0
..................................................................


WIND (MPH)
  HIGHEST WIND SPEED    35   HIGHEST WIND DIRECTION     W (280)
  HIGHEST GUST SPEED    42   HIGHEST GUST DIRECTION     W (280)
  AVERAGE WIND SPEED    18.2


SKY COVER
  AVERAGE SKY COVER 0.3


WEATHER CONDITIONS
 THE FOLLOWING WEATHER WAS RECORDED TODAY.
  LIGHT SNOW
  FOG


RELATIVE HUMIDITY (PERCENT)
 HIGHEST    89
 LOWEST     22
 AVERAGE    56

..........................................................


THE DILLON AIRPORT MT CLIMATE NORMALS FOR TOMORROW
                         NORMAL    RECORD    YEAR
 MAXIMUM TEMPERATURE (F)   50        73      1990
 MINIMUM TEMPERATURE (F)   26       -15      1936


SUNRISE AND SUNSET
APRIL  1 2015.........SUNRISE   711 AM MDT   SUNSET   758 PM MDT
APRIL  2 2015.........SUNRISE   709 AM MDT   SUNSET   759 PM MDT


-  INDICATES NEGATIVE NUMBERS.
R  INDICATES RECORD WAS SET OR TIED.
MM INDICATES DATA IS MISSING.
T  INDICATES TRACE AMOUNT.




$$
