000
CDUS45 KTFX 172223
CLIDLN


CLIMATE REPORT
NATIONAL WEATHER SERVICE GREAT FALLS MT
422 PM MDT FRI APR 17 2015


...................................

...THE DILLON AIRPORT MT CLIMATE SUMMARY FOR APRIL 17 2015...
VALID TODAY AS OF 0400 PM LOCAL TIME.

CLIMATE NORMAL PERIOD 1981 TO 2010
CLIMATE RECORD PERIOD 1929 TO 2015


WEATHER ITEM   OBSERVED TIME   RECORD YEAR NORMAL DEPARTURE LAST
                VALUE   (LST)  VALUE       VALUE  FROM      YEAR
                                                  NORMAL
..................................................................
TEMPERATURE (F)
 TODAY
  MAXIMUM         62    259 PM  77    1987  55      7       62
  MINIMUM         27    426 AM  11    2013  29     -2       28
  AVERAGE         45                        42      3       45

PRECIPITATION (IN)
  TODAY            0.00          0.40 2004   0.03  -0.03     0.00
  MONTH TO DATE    0.45                      0.56  -0.11     0.01
  SINCE OCT 1      1.95                      3.04  -1.09     1.07
  SINCE JAN 1      0.79                      1.64  -0.85     0.58

SNOWFALL (IN)
  TODAY           MM
  SNOW DEPTH       0

DEGREE DAYS
 HEATING
  TODAY           20                        23     -3       20
  MONTH TO DATE  455                       429     26      394
  SINCE MAR 1   1176                      1379   -203     1318
  SINCE JUL 1   6288                      7296  -1008     7098

 COOLING
  TODAY            0                         0      0        0
  MONTH TO DATE    0                         0      0        0
  SINCE MAR 1      0                         0      0        0
  SINCE JAN 1      0                         0      0        0
..................................................................


WIND (MPH)
  HIGHEST WIND SPEED    14   HIGHEST WIND DIRECTION     S (190)
  HIGHEST GUST SPEED    18   HIGHEST GUST DIRECTION    SW (210)
  AVERAGE WIND SPEED     5.5


SKY COVER
  AVERAGE SKY COVER 0.0


WEATHER CONDITIONS
 THE FOLLOWING WEATHER WAS RECORDED TODAY.
  NO SIGNIFICANT WEATHER WAS OBSERVED.


RELATIVE HUMIDITY (PERCENT)
 HIGHEST    78
 LOWEST     15
 AVERAGE    47

..........................................................


THE DILLON AIRPORT MT CLIMATE NORMALS FOR TOMORROW
                         NORMAL    RECORD    YEAR
 MAXIMUM TEMPERATURE (F)   55        77      1962
 MINIMUM TEMPERATURE (F)   29        11      1941


SUNRISE AND SUNSET
APRIL 17 2015.........SUNRISE   642 AM MDT   SUNSET   818 PM MDT
APRIL 18 2015.........SUNRISE   640 AM MDT   SUNSET   820 PM MDT


-  INDICATES NEGATIVE NUMBERS.
R  INDICATES RECORD WAS SET OR TIED.
MM INDICATES DATA IS MISSING.
T  INDICATES TRACE AMOUNT.




$$
