000
CDUS41 KLWX 210527
CLIDMH


CLIMATE REPORT
NATIONAL WEATHER SERVICE BALTIMORE MD/WASHINGTON DC
127 AM EDT TUE APR 21 2015


...................................

...THE BALTIMORE INNER HARBOR MD CLIMATE SUMMARY FOR APRIL 20 2015...

CLIMATE NORMAL PERIOD 1981 TO 2010
CLIMATE RECORD PERIOD 9999 TO 9999


WEATHER ITEM   OBSERVED TIME   RECORD YEAR NORMAL DEPARTURE LAST
                VALUE   (LST)  VALUE       VALUE  FROM      YEAR
                                                  NORMAL
..................................................................
TEMPERATURE (F)
 YESTERDAY
  MAXIMUM         78    138 PM  MM      MM  67     11       61
  MINIMUM         53   1213 AM  MM      MM  49      4       48
  AVERAGE         66                        58      8       55

PRECIPITATION (IN)
  YESTERDAY        1.75         MM      MM   0.10   1.65     0.00
  MONTH TO DATE    2.91                      2.21   0.70     2.80
  SINCE MAR 1      7.35                      6.07   1.28     7.00
  SINCE JAN 1     13.17                     11.59   1.58    13.33

DEGREE DAYS
 HEATING
  YESTERDAY        0                         8     -8       10
  MONTH TO DATE  145                       214    -69      204
  SINCE MAR 1    754                       793    -39      938
  SINCE JUL 1   4268                      3881    387     4008

 COOLING
  YESTERDAY        1                         1      0        0
  MONTH TO DATE    8                        13     -5       14
  SINCE MAR 1      8                        14     -6       14
  SINCE JAN 1      8                        14     -6       14
..................................................................


WIND (MPH)
  HIGHEST WIND SPEED    MM   HIGHEST WIND DIRECTION    MM
  HIGHEST GUST SPEED    MM   HIGHEST GUST DIRECTION    MM
  AVERAGE WIND SPEED    MM


SKY COVER
  POSSIBLE SUNSHINE  MM



RELATIVE HUMIDITY (PERCENT)
 HIGHEST   100           200 AM
 LOWEST     54          1200 PM
 AVERAGE    77

..........................................................


THE BALTIMORE INNER HARBOR MD CLIMATE NORMALS FOR TODAY
                         NORMAL
 MAXIMUM TEMPERATURE (F)   68
 MINIMUM TEMPERATURE (F)   49


SUNRISE AND SUNSET
APRIL 21 2015.........SUNRISE   621 AM EDT   SUNSET   750 PM EDT
APRIL 22 2015.........SUNRISE   620 AM EDT   SUNSET   751 PM EDT


-  INDICATES NEGATIVE NUMBERS.
R  INDICATES RECORD WAS SET OR TIED.
MM INDICATES DATA IS MISSING.
T  INDICATES TRACE AMOUNT.




$$
