000
CDUS45 KGJT 032348
CLIDRO


CLIMATE REPORT
NATIONAL WEATHER SERVICE GRAND JUNCTION CO
529 PM MDT SUN MAY 3 2015


...................................

...THE DURANGO AIRPORT CO CLIMATE SUMMARY FOR MAY 3 2015...
VALID TODAY AS OF 0500 PM LOCAL TIME.

CLIMATE NORMAL PERIOD 1981 TO 2010
CLIMATE RECORD PERIOD 9999 TO 9999


WEATHER ITEM   OBSERVED TIME   RECORD YEAR NORMAL DEPARTURE LAST
                VALUE   (LST)  VALUE       VALUE  FROM      YEAR
                                                  NORMAL
..................................................................
TEMPERATURE (F)
 TODAY
  MAXIMUM         71    221 PM  MM      MM  66      5       77
  MINIMUM         42    537 AM  MM      MM  32     10       29
  AVERAGE         57                        49      8       53

PRECIPITATION (IN)
  TODAY            T            MM      MM   0.04  -0.04     0.00
  MONTH TO DATE    T                         0.13  -0.13     0.00
  SINCE MAR 1      1.21                      2.48  -1.27     1.19
  SINCE JAN 1      4.48                      4.76  -0.28     1.72

SNOWFALL (IN)
  TODAY           MM            MM      MM  MM     MM       MM
  MONTH TO DATE   MM                        MM     MM       MM
  SINCE MAR 1     MM                        MM     MM       MM
  SINCE JUL 1     MM                        MM     MM       MM
  SNOW DEPTH      MM

DEGREE DAYS
 HEATING
  TODAY            8                        16     -8       12
  MONTH TO DATE   25                        48    -23       50
  SINCE MAR 1   1326                      1509   -183     1479
  SINCE JUL 1   5775                      6684   -909     6412

 COOLING
  TODAY            0                         0      0        0
  MONTH TO DATE    0                         0      0        0
  SINCE MAR 1      0                         0      0        0
  SINCE JAN 1      0                         0      0        0
..................................................................


WIND (MPH)
  HIGHEST WIND SPEED    33   HIGHEST WIND DIRECTION     W (250)
  HIGHEST GUST SPEED    45   HIGHEST GUST DIRECTION     W (260)
  AVERAGE WIND SPEED     7.3


SKY COVER
  POSSIBLE SUNSHINE  MM
  AVERAGE SKY COVER 0.4


WEATHER CONDITIONS
 THE FOLLOWING WEATHER WAS RECORDED TODAY.
  LIGHT RAIN


RELATIVE HUMIDITY (PERCENT)
 HIGHEST    70          1200 AM
 LOWEST     23           300 PM
 AVERAGE    47

..........................................................


THE DURANGO AIRPORT CO CLIMATE NORMALS FOR TOMORROW
                         NORMAL    RECORD    YEAR
 MAXIMUM TEMPERATURE (F)   66        MM        MM
 MINIMUM TEMPERATURE (F)   33        MM        MM


SUNRISE AND SUNSET
MAY  3 2015...........SUNRISE   614 AM MDT   SUNSET   802 PM MDT
MAY  4 2015...........SUNRISE   613 AM MDT   SUNSET   803 PM MDT


-  INDICATES NEGATIVE NUMBERS.
R  INDICATES RECORD WAS SET OR TIED.
MM INDICATES DATA IS MISSING.
T  INDICATES TRACE AMOUNT.




$$
